{"id":1539,"date":"2020-05-22T16:44:07","date_gmt":"2020-05-22T14:44:07","guid":{"rendered":"https:\/\/reiki53.fr\/mineraux\/?post_type=product&#038;p=1539"},"modified":"2023-03-23T14:10:36","modified_gmt":"2023-03-23T13:10:36","slug":"bracelet-malachite-8mm","status":"publish","type":"product","link":"https:\/\/reiki53.fr\/mineraux\/produit\/bracelet-malachite-8mm\/","title":{"rendered":"Bracelet Malachite &#8211; 8mm"},"content":{"rendered":"<p><span id=\"texte_description_fiche_produit\"><strong>La Malachite <\/strong>est une pierre incontournable \u00e0 avoir dans sa collection.<br \/>\n<\/span><\/p>\n<p><span id=\"texte_description_fiche_produit\">Puissante, dense et opaque, elle absorbe l&rsquo;\u00e9nergie n\u00e9gative ; elle peut \u00eatre appliqu\u00e9e sur les endroits du corps rempli d\u2019\u00e9nergie n\u00e9gative , elle active et fait tourner le chakra du c\u0153ur. <\/span><\/p>\n<p><span id=\"texte_description_fiche_produit\">Sur le plexus solaire, elle \u00e9vacue les tensions du diaphragme.\u00a0 <\/span><\/p>\n<p>&nbsp;<\/p>\n<p><span id=\"texte_description_fiche_produit\">\u2665 C&rsquo;est une pierre qui n\u00e9cessite d&rsquo;\u00eatre nettoy\u00e9e fr\u00e9quemment<\/span><\/p>\n<p>&nbsp;<\/p>\n<p>&nbsp;<\/p>\n","protected":false},"excerpt":{"rendered":"<p><strong>Bracelet boules malachite \u00d8 6mm<\/strong><\/p>\n<p>Les vertus sommaires de la malachite :<\/p>\n<ul>\n<li>Coliques\u00a0\u00a0 \/ arthrite \/ intoxication<\/li>\n<li>Probl\u00e8mes \u00e9motionnels<\/li>\n<li>Transformation \/\u00a0 succ\u00e8s<\/li>\n<li>Sant\u00e9 \/ joie de vivre<\/li>\n<li>Estime de soi \/ imagination projection<\/li>\n<\/ul>\n<p>Rechargement : amas de quartz (druse), soleil<\/p>\n","protected":false},"featured_media":1541,"comment_status":"open","ping_status":"closed","template":"","meta":[],"product_brand":[],"product_cat":[212,211],"product_tag":[531,43,44,527,530,217,150,151,41,42,528,153,152,40,525,524,46,154,523,45,529],"class_list":{"0":"post-1539","1":"product","2":"type-product","3":"status-publish","4":"has-post-thumbnail","6":"product_cat-bijoux","7":"product_cat-bracelets-boules","8":"product_tag-achat-de-mineraux","9":"product_tag-agapanthe-53","10":"product_tag-agapanthe-mineraux","11":"product_tag-boutique-de-mineraux","12":"product_tag-boutique-de-pierres-semi-precieuses","13":"product_tag-bracelet-malachite","14":"product_tag-lepidolite","15":"product_tag-lepidolite-mineraux","16":"product_tag-lithotherapie","17":"product_tag-lithotherapie-53","18":"product_tag-magasin-de-mineraux","19":"product_tag-mica","20":"product_tag-mica-lepidolite","21":"product_tag-mineraux","22":"product_tag-mineraux-53","23":"product_tag-mineraux-en-mayenne","24":"product_tag-mineraux-laval","25":"product_tag-muscovite-rose","26":"product_tag-pierre-semi-precieuse","27":"product_tag-pierres-naturelles","28":"product_tag-pierres-precieuses","30":"first","31":"instock","32":"taxable","33":"shipping-taxable","34":"purchasable","35":"product-type-simple"},"yoast_head":"<!-- This site is optimized with the Yoast SEO plugin v26.5 - https:\/\/yoast.com\/wordpress\/plugins\/seo\/ -->\n<title>Bracelet Malachite - 8mm - AGAPANTHE MIN\u00c9RAUX<\/title>\n<meta name=\"description\" content=\"La malachite est puissante, dense et opaque, elle absorbe l&#039;\u00e9nergie n\u00e9gative ; elle peut \u00eatre appliqu\u00e9e sur les endroits du corps rempli d\u2019\u00e9nergie n\u00e9gative.\" \/>\n<meta name=\"robots\" content=\"index, follow, max-snippet:-1, max-image-preview:large, max-video-preview:-1\" \/>\n<link rel=\"canonical\" href=\"https:\/\/reiki53.fr\/mineraux\/produit\/bracelet-malachite-8mm\/\" \/>\n<meta property=\"og:locale\" content=\"fr_FR\" \/>\n<meta property=\"og:type\" content=\"article\" \/>\n<meta property=\"og:title\" content=\"Bracelet Malachite - 8mm - AGAPANTHE MIN\u00c9RAUX\" \/>\n<meta property=\"og:description\" content=\"La malachite est puissante, dense et opaque, elle absorbe l&#039;\u00e9nergie n\u00e9gative ; elle peut \u00eatre appliqu\u00e9e sur les endroits du corps rempli d\u2019\u00e9nergie n\u00e9gative.\" \/>\n<meta property=\"og:url\" content=\"https:\/\/reiki53.fr\/mineraux\/produit\/bracelet-malachite-8mm\/\" \/>\n<meta property=\"og:site_name\" content=\"AGAPANTHE MIN\u00c9RAUX\" \/>\n<meta property=\"article:modified_time\" content=\"2023-03-23T13:10:36+00:00\" \/>\n<meta property=\"og:image\" content=\"https:\/\/reiki53.fr\/mineraux\/wp-content\/uploads\/2020\/05\/bracelet-malachite-8mm.jpg\" \/>\n\t<meta property=\"og:image:width\" content=\"838\" \/>\n\t<meta property=\"og:image:height\" content=\"838\" \/>\n\t<meta property=\"og:image:type\" content=\"image\/jpeg\" \/>\n<meta name=\"twitter:card\" content=\"summary_large_image\" \/>\n<script type=\"application\/ld+json\" class=\"yoast-schema-graph\">{\"@context\":\"https:\/\/schema.org\",\"@graph\":[{\"@type\":\"WebPage\",\"@id\":\"https:\/\/reiki53.fr\/mineraux\/produit\/bracelet-malachite-8mm\/\",\"url\":\"https:\/\/reiki53.fr\/mineraux\/produit\/bracelet-malachite-8mm\/\",\"name\":\"Bracelet Malachite - 8mm - AGAPANTHE MIN\u00c9RAUX\",\"isPartOf\":{\"@id\":\"https:\/\/reiki53.fr\/mineraux\/#website\"},\"primaryImageOfPage\":{\"@id\":\"https:\/\/reiki53.fr\/mineraux\/produit\/bracelet-malachite-8mm\/#primaryimage\"},\"image\":{\"@id\":\"https:\/\/reiki53.fr\/mineraux\/produit\/bracelet-malachite-8mm\/#primaryimage\"},\"thumbnailUrl\":\"https:\/\/reiki53.fr\/mineraux\/wp-content\/uploads\/2020\/05\/bracelet-malachite-8mm.jpg\",\"datePublished\":\"2020-05-22T14:44:07+00:00\",\"dateModified\":\"2023-03-23T13:10:36+00:00\",\"description\":\"La malachite est puissante, dense et opaque, elle absorbe l'\u00e9nergie n\u00e9gative ; elle peut \u00eatre appliqu\u00e9e sur les endroits du corps rempli d\u2019\u00e9nergie n\u00e9gative.\",\"breadcrumb\":{\"@id\":\"https:\/\/reiki53.fr\/mineraux\/produit\/bracelet-malachite-8mm\/#breadcrumb\"},\"inLanguage\":\"fr-FR\",\"potentialAction\":[{\"@type\":\"ReadAction\",\"target\":[\"https:\/\/reiki53.fr\/mineraux\/produit\/bracelet-malachite-8mm\/\"]}]},{\"@type\":\"ImageObject\",\"inLanguage\":\"fr-FR\",\"@id\":\"https:\/\/reiki53.fr\/mineraux\/produit\/bracelet-malachite-8mm\/#primaryimage\",\"url\":\"https:\/\/reiki53.fr\/mineraux\/wp-content\/uploads\/2020\/05\/bracelet-malachite-8mm.jpg\",\"contentUrl\":\"https:\/\/reiki53.fr\/mineraux\/wp-content\/uploads\/2020\/05\/bracelet-malachite-8mm.jpg\",\"width\":838,\"height\":838,\"caption\":\"bracelet malachite\"},{\"@type\":\"BreadcrumbList\",\"@id\":\"https:\/\/reiki53.fr\/mineraux\/produit\/bracelet-malachite-8mm\/#breadcrumb\",\"itemListElement\":[{\"@type\":\"ListItem\",\"position\":1,\"name\":\"Accueil\",\"item\":\"https:\/\/reiki53.fr\/mineraux\/\"},{\"@type\":\"ListItem\",\"position\":2,\"name\":\"Boutique\",\"item\":\"https:\/\/reiki53.fr\/mineraux\/boutique\/\"},{\"@type\":\"ListItem\",\"position\":3,\"name\":\"Bracelet Malachite &#8211; 8mm\"}]},{\"@type\":\"WebSite\",\"@id\":\"https:\/\/reiki53.fr\/mineraux\/#website\",\"url\":\"https:\/\/reiki53.fr\/mineraux\/\",\"name\":\"AGAPANTHE MIN\u00c9RAUX\",\"description\":\"Magasin physique \u00e0 Laval (53)\",\"publisher\":{\"@id\":\"https:\/\/reiki53.fr\/mineraux\/#organization\"},\"potentialAction\":[{\"@type\":\"SearchAction\",\"target\":{\"@type\":\"EntryPoint\",\"urlTemplate\":\"https:\/\/reiki53.fr\/mineraux\/?s={search_term_string}\"},\"query-input\":{\"@type\":\"PropertyValueSpecification\",\"valueRequired\":true,\"valueName\":\"search_term_string\"}}],\"inLanguage\":\"fr-FR\"},{\"@type\":\"Organization\",\"@id\":\"https:\/\/reiki53.fr\/mineraux\/#organization\",\"name\":\"OLVB SAS\",\"url\":\"https:\/\/reiki53.fr\/mineraux\/\",\"logo\":{\"@type\":\"ImageObject\",\"inLanguage\":\"fr-FR\",\"@id\":\"https:\/\/reiki53.fr\/mineraux\/#\/schema\/logo\/image\/\",\"url\":\"https:\/\/reiki53.fr\/mineraux\/wp-content\/uploads\/2020\/04\/AGAPANTHE-MINERAUX-Logo-petit.png\",\"contentUrl\":\"https:\/\/reiki53.fr\/mineraux\/wp-content\/uploads\/2020\/04\/AGAPANTHE-MINERAUX-Logo-petit.png\",\"width\":160,\"height\":160,\"caption\":\"OLVB SAS\"},\"image\":{\"@id\":\"https:\/\/reiki53.fr\/mineraux\/#\/schema\/logo\/image\/\"}}]}<\/script>\n<!-- \/ Yoast SEO plugin. -->","yoast_head_json":{"title":"Bracelet Malachite - 8mm - AGAPANTHE MIN\u00c9RAUX","description":"La malachite est puissante, dense et opaque, elle absorbe l'\u00e9nergie n\u00e9gative ; elle peut \u00eatre appliqu\u00e9e sur les endroits du corps rempli d\u2019\u00e9nergie n\u00e9gative.","robots":{"index":"index","follow":"follow","max-snippet":"max-snippet:-1","max-image-preview":"max-image-preview:large","max-video-preview":"max-video-preview:-1"},"canonical":"https:\/\/reiki53.fr\/mineraux\/produit\/bracelet-malachite-8mm\/","og_locale":"fr_FR","og_type":"article","og_title":"Bracelet Malachite - 8mm - AGAPANTHE MIN\u00c9RAUX","og_description":"La malachite est puissante, dense et opaque, elle absorbe l'\u00e9nergie n\u00e9gative ; elle peut \u00eatre appliqu\u00e9e sur les endroits du corps rempli d\u2019\u00e9nergie n\u00e9gative.","og_url":"https:\/\/reiki53.fr\/mineraux\/produit\/bracelet-malachite-8mm\/","og_site_name":"AGAPANTHE MIN\u00c9RAUX","article_modified_time":"2023-03-23T13:10:36+00:00","og_image":[{"width":838,"height":838,"url":"https:\/\/reiki53.fr\/mineraux\/wp-content\/uploads\/2020\/05\/bracelet-malachite-8mm.jpg","type":"image\/jpeg"}],"twitter_card":"summary_large_image","schema":{"@context":"https:\/\/schema.org","@graph":[{"@type":"WebPage","@id":"https:\/\/reiki53.fr\/mineraux\/produit\/bracelet-malachite-8mm\/","url":"https:\/\/reiki53.fr\/mineraux\/produit\/bracelet-malachite-8mm\/","name":"Bracelet Malachite - 8mm - AGAPANTHE MIN\u00c9RAUX","isPartOf":{"@id":"https:\/\/reiki53.fr\/mineraux\/#website"},"primaryImageOfPage":{"@id":"https:\/\/reiki53.fr\/mineraux\/produit\/bracelet-malachite-8mm\/#primaryimage"},"image":{"@id":"https:\/\/reiki53.fr\/mineraux\/produit\/bracelet-malachite-8mm\/#primaryimage"},"thumbnailUrl":"https:\/\/reiki53.fr\/mineraux\/wp-content\/uploads\/2020\/05\/bracelet-malachite-8mm.jpg","datePublished":"2020-05-22T14:44:07+00:00","dateModified":"2023-03-23T13:10:36+00:00","description":"La malachite est puissante, dense et opaque, elle absorbe l'\u00e9nergie n\u00e9gative ; elle peut \u00eatre appliqu\u00e9e sur les endroits du corps rempli d\u2019\u00e9nergie n\u00e9gative.","breadcrumb":{"@id":"https:\/\/reiki53.fr\/mineraux\/produit\/bracelet-malachite-8mm\/#breadcrumb"},"inLanguage":"fr-FR","potentialAction":[{"@type":"ReadAction","target":["https:\/\/reiki53.fr\/mineraux\/produit\/bracelet-malachite-8mm\/"]}]},{"@type":"ImageObject","inLanguage":"fr-FR","@id":"https:\/\/reiki53.fr\/mineraux\/produit\/bracelet-malachite-8mm\/#primaryimage","url":"https:\/\/reiki53.fr\/mineraux\/wp-content\/uploads\/2020\/05\/bracelet-malachite-8mm.jpg","contentUrl":"https:\/\/reiki53.fr\/mineraux\/wp-content\/uploads\/2020\/05\/bracelet-malachite-8mm.jpg","width":838,"height":838,"caption":"bracelet malachite"},{"@type":"BreadcrumbList","@id":"https:\/\/reiki53.fr\/mineraux\/produit\/bracelet-malachite-8mm\/#breadcrumb","itemListElement":[{"@type":"ListItem","position":1,"name":"Accueil","item":"https:\/\/reiki53.fr\/mineraux\/"},{"@type":"ListItem","position":2,"name":"Boutique","item":"https:\/\/reiki53.fr\/mineraux\/boutique\/"},{"@type":"ListItem","position":3,"name":"Bracelet Malachite &#8211; 8mm"}]},{"@type":"WebSite","@id":"https:\/\/reiki53.fr\/mineraux\/#website","url":"https:\/\/reiki53.fr\/mineraux\/","name":"AGAPANTHE MIN\u00c9RAUX","description":"Magasin physique \u00e0 Laval (53)","publisher":{"@id":"https:\/\/reiki53.fr\/mineraux\/#organization"},"potentialAction":[{"@type":"SearchAction","target":{"@type":"EntryPoint","urlTemplate":"https:\/\/reiki53.fr\/mineraux\/?s={search_term_string}"},"query-input":{"@type":"PropertyValueSpecification","valueRequired":true,"valueName":"search_term_string"}}],"inLanguage":"fr-FR"},{"@type":"Organization","@id":"https:\/\/reiki53.fr\/mineraux\/#organization","name":"OLVB SAS","url":"https:\/\/reiki53.fr\/mineraux\/","logo":{"@type":"ImageObject","inLanguage":"fr-FR","@id":"https:\/\/reiki53.fr\/mineraux\/#\/schema\/logo\/image\/","url":"https:\/\/reiki53.fr\/mineraux\/wp-content\/uploads\/2020\/04\/AGAPANTHE-MINERAUX-Logo-petit.png","contentUrl":"https:\/\/reiki53.fr\/mineraux\/wp-content\/uploads\/2020\/04\/AGAPANTHE-MINERAUX-Logo-petit.png","width":160,"height":160,"caption":"OLVB SAS"},"image":{"@id":"https:\/\/reiki53.fr\/mineraux\/#\/schema\/logo\/image\/"}}]}},"jetpack_sharing_enabled":true,"_links":{"self":[{"href":"https:\/\/reiki53.fr\/mineraux\/wp-json\/wp\/v2\/product\/1539","targetHints":{"allow":["GET"]}}],"collection":[{"href":"https:\/\/reiki53.fr\/mineraux\/wp-json\/wp\/v2\/product"}],"about":[{"href":"https:\/\/reiki53.fr\/mineraux\/wp-json\/wp\/v2\/types\/product"}],"replies":[{"embeddable":true,"href":"https:\/\/reiki53.fr\/mineraux\/wp-json\/wp\/v2\/comments?post=1539"}],"wp:featuredmedia":[{"embeddable":true,"href":"https:\/\/reiki53.fr\/mineraux\/wp-json\/wp\/v2\/media\/1541"}],"wp:attachment":[{"href":"https:\/\/reiki53.fr\/mineraux\/wp-json\/wp\/v2\/media?parent=1539"}],"wp:term":[{"taxonomy":"product_brand","embeddable":true,"href":"https:\/\/reiki53.fr\/mineraux\/wp-json\/wp\/v2\/product_brand?post=1539"},{"taxonomy":"product_cat","embeddable":true,"href":"https:\/\/reiki53.fr\/mineraux\/wp-json\/wp\/v2\/product_cat?post=1539"},{"taxonomy":"product_tag","embeddable":true,"href":"https:\/\/reiki53.fr\/mineraux\/wp-json\/wp\/v2\/product_tag?post=1539"}],"curies":[{"name":"wp","href":"https:\/\/api.w.org\/{rel}","templated":true}]}}