{"id":258,"date":"2020-04-15T21:20:40","date_gmt":"2020-04-15T19:20:40","guid":{"rendered":"http:\/\/reiki53.fr\/mineraux\/?post_type=product&#038;p=258"},"modified":"2024-07-13T11:36:57","modified_gmt":"2024-07-13T09:36:57","slug":"agate-fossile-ou-turitelle","status":"publish","type":"product","link":"https:\/\/reiki53.fr\/mineraux\/produit\/agate-fossile-ou-turitelle\/","title":{"rendered":"Agate fossile ou turitelle"},"content":{"rendered":"<p>Pierre roul\u00e9e d&rsquo;environ 3 cm<\/p>\n<p>L&rsquo;agate a en g\u00e9n\u00e9ral des effets bienfaisants et apaisants sur l&rsquo;environnement.<\/p>\n<p>Elles se choisissent en fonction de leurs dessins ainsi l&rsquo;agate fossile ou turitelle r<span id=\"texte_description_fiche_produit\">econnaissable par les motifs qui rappellent de petits coquillages.\u00a0 Comme le jaspe jaune, cette vari\u00e9t\u00e9 d\u2019agate est associ\u00e9e au centre \u00e9nerg\u00e9tique solaire (3\u00e8me chakra plexus solaire). Elle est \u00e9galement r\u00e9put\u00e9e favoriser l\u2019argent dans les signatures de contrat et pour les professions commerciales.<\/span><\/p>\n","protected":false},"excerpt":{"rendered":"<p>Les vertus sommaires de l&rsquo;agate fossile ou turitelle :<\/p>\n<ul>\n<li>Pierre de connexion avec son pass\u00e9<\/li>\n<li>Prot\u00e8ge des dangers (accident route)<\/li>\n<li>Attenue les peurs<\/li>\n<li>Favorise la stabilit\u00e9 int\u00e9rieure<\/li>\n<li>Protection (bon cristal de grossesse)<\/li>\n<\/ul>\n<p>Signe astrologique de pr\u00e9dilection : B\u00e9lier et Scorpion<\/p>\n<p>Tradition : Prosp\u00e9rit\u00e9 et long\u00e9vit\u00e9<\/p>\n<p>Rechargement : amas de quartz (druse), soleil<\/p>\n","protected":false},"featured_media":174,"comment_status":"open","ping_status":"closed","template":"","meta":[],"product_brand":[],"product_cat":[23,24],"product_tag":[531,43,44,38,49,50,527,530,41,42,528,40,525,524,46,523,45,529,52,51],"class_list":{"0":"post-258","1":"product","2":"type-product","3":"status-publish","4":"has-post-thumbnail","6":"product_cat-mineraux","7":"product_cat-pierres-roulees","8":"product_tag-achat-de-mineraux","9":"product_tag-agapanthe-53","10":"product_tag-agapanthe-mineraux","11":"product_tag-agate","12":"product_tag-agate-fossile","13":"product_tag-agate-fossile-agapanthe","14":"product_tag-boutique-de-mineraux","15":"product_tag-boutique-de-pierres-semi-precieuses","16":"product_tag-lithotherapie","17":"product_tag-lithotherapie-53","18":"product_tag-magasin-de-mineraux","19":"product_tag-mineraux","20":"product_tag-mineraux-53","21":"product_tag-mineraux-en-mayenne","22":"product_tag-mineraux-laval","23":"product_tag-pierre-semi-precieuse","24":"product_tag-pierres-naturelles","25":"product_tag-pierres-precieuses","26":"product_tag-turitelle","27":"product_tag-turitelle-agapanthe","29":"first","30":"instock","31":"taxable","32":"shipping-taxable","33":"purchasable","34":"product-type-simple"},"yoast_head":"<!-- This site is optimized with the Yoast SEO plugin v26.5 - https:\/\/yoast.com\/wordpress\/plugins\/seo\/ -->\n<title>Agate fossile ou turitelle - AGAPANTHE MIN\u00c9RAUX<\/title>\n<meta name=\"description\" content=\"l&#039;agate fossile ou turitelle reconnaissable par les motifs qui rappellent de petits coquillages.\u00a0 Cette vari\u00e9t\u00e9 est associ\u00e9e au centre \u00e9nerg\u00e9tique solaire.\" \/>\n<meta name=\"robots\" content=\"index, follow, max-snippet:-1, max-image-preview:large, max-video-preview:-1\" \/>\n<link rel=\"canonical\" href=\"https:\/\/reiki53.fr\/mineraux\/produit\/agate-fossile-ou-turitelle\/\" \/>\n<meta property=\"og:locale\" content=\"fr_FR\" \/>\n<meta property=\"og:type\" content=\"article\" \/>\n<meta property=\"og:title\" content=\"Agate fossile ou turitelle - AGAPANTHE MIN\u00c9RAUX\" \/>\n<meta property=\"og:description\" content=\"l&#039;agate fossile ou turitelle reconnaissable par les motifs qui rappellent de petits coquillages.\u00a0 Cette vari\u00e9t\u00e9 est associ\u00e9e au centre \u00e9nerg\u00e9tique solaire.\" \/>\n<meta property=\"og:url\" content=\"https:\/\/reiki53.fr\/mineraux\/produit\/agate-fossile-ou-turitelle\/\" \/>\n<meta property=\"og:site_name\" content=\"AGAPANTHE MIN\u00c9RAUX\" \/>\n<meta property=\"article:modified_time\" content=\"2024-07-13T09:36:57+00:00\" \/>\n<meta property=\"og:image\" content=\"https:\/\/reiki53.fr\/mineraux\/wp-content\/uploads\/2020\/04\/agate-botswana-agapanthe.jpg\" \/>\n\t<meta property=\"og:image:width\" content=\"1487\" \/>\n\t<meta property=\"og:image:height\" content=\"1488\" \/>\n\t<meta property=\"og:image:type\" content=\"image\/jpeg\" \/>\n<meta name=\"twitter:card\" content=\"summary_large_image\" \/>\n<script type=\"application\/ld+json\" class=\"yoast-schema-graph\">{\"@context\":\"https:\/\/schema.org\",\"@graph\":[{\"@type\":\"WebPage\",\"@id\":\"https:\/\/reiki53.fr\/mineraux\/produit\/agate-fossile-ou-turitelle\/\",\"url\":\"https:\/\/reiki53.fr\/mineraux\/produit\/agate-fossile-ou-turitelle\/\",\"name\":\"Agate fossile ou turitelle - AGAPANTHE MIN\u00c9RAUX\",\"isPartOf\":{\"@id\":\"https:\/\/reiki53.fr\/mineraux\/#website\"},\"primaryImageOfPage\":{\"@id\":\"https:\/\/reiki53.fr\/mineraux\/produit\/agate-fossile-ou-turitelle\/#primaryimage\"},\"image\":{\"@id\":\"https:\/\/reiki53.fr\/mineraux\/produit\/agate-fossile-ou-turitelle\/#primaryimage\"},\"thumbnailUrl\":\"https:\/\/reiki53.fr\/mineraux\/wp-content\/uploads\/2020\/04\/agate-botswana-agapanthe.jpg\",\"datePublished\":\"2020-04-15T19:20:40+00:00\",\"dateModified\":\"2024-07-13T09:36:57+00:00\",\"description\":\"l'agate fossile ou turitelle reconnaissable par les motifs qui rappellent de petits coquillages.\u00a0 Cette vari\u00e9t\u00e9 est associ\u00e9e au centre \u00e9nerg\u00e9tique solaire.\",\"breadcrumb\":{\"@id\":\"https:\/\/reiki53.fr\/mineraux\/produit\/agate-fossile-ou-turitelle\/#breadcrumb\"},\"inLanguage\":\"fr-FR\",\"potentialAction\":[{\"@type\":\"ReadAction\",\"target\":[\"https:\/\/reiki53.fr\/mineraux\/produit\/agate-fossile-ou-turitelle\/\"]}]},{\"@type\":\"ImageObject\",\"inLanguage\":\"fr-FR\",\"@id\":\"https:\/\/reiki53.fr\/mineraux\/produit\/agate-fossile-ou-turitelle\/#primaryimage\",\"url\":\"https:\/\/reiki53.fr\/mineraux\/wp-content\/uploads\/2020\/04\/agate-botswana-agapanthe.jpg\",\"contentUrl\":\"https:\/\/reiki53.fr\/mineraux\/wp-content\/uploads\/2020\/04\/agate-botswana-agapanthe.jpg\",\"width\":1487,\"height\":1488,\"caption\":\"agate fossile agapanthe\"},{\"@type\":\"BreadcrumbList\",\"@id\":\"https:\/\/reiki53.fr\/mineraux\/produit\/agate-fossile-ou-turitelle\/#breadcrumb\",\"itemListElement\":[{\"@type\":\"ListItem\",\"position\":1,\"name\":\"Accueil\",\"item\":\"https:\/\/reiki53.fr\/mineraux\/\"},{\"@type\":\"ListItem\",\"position\":2,\"name\":\"Boutique\",\"item\":\"https:\/\/reiki53.fr\/mineraux\/boutique\/\"},{\"@type\":\"ListItem\",\"position\":3,\"name\":\"Agate fossile ou turitelle\"}]},{\"@type\":\"WebSite\",\"@id\":\"https:\/\/reiki53.fr\/mineraux\/#website\",\"url\":\"https:\/\/reiki53.fr\/mineraux\/\",\"name\":\"AGAPANTHE MIN\u00c9RAUX\",\"description\":\"Magasin physique \u00e0 Laval (53)\",\"publisher\":{\"@id\":\"https:\/\/reiki53.fr\/mineraux\/#organization\"},\"potentialAction\":[{\"@type\":\"SearchAction\",\"target\":{\"@type\":\"EntryPoint\",\"urlTemplate\":\"https:\/\/reiki53.fr\/mineraux\/?s={search_term_string}\"},\"query-input\":{\"@type\":\"PropertyValueSpecification\",\"valueRequired\":true,\"valueName\":\"search_term_string\"}}],\"inLanguage\":\"fr-FR\"},{\"@type\":\"Organization\",\"@id\":\"https:\/\/reiki53.fr\/mineraux\/#organization\",\"name\":\"OLVB SAS\",\"url\":\"https:\/\/reiki53.fr\/mineraux\/\",\"logo\":{\"@type\":\"ImageObject\",\"inLanguage\":\"fr-FR\",\"@id\":\"https:\/\/reiki53.fr\/mineraux\/#\/schema\/logo\/image\/\",\"url\":\"https:\/\/reiki53.fr\/mineraux\/wp-content\/uploads\/2020\/04\/AGAPANTHE-MINERAUX-Logo-petit.png\",\"contentUrl\":\"https:\/\/reiki53.fr\/mineraux\/wp-content\/uploads\/2020\/04\/AGAPANTHE-MINERAUX-Logo-petit.png\",\"width\":160,\"height\":160,\"caption\":\"OLVB SAS\"},\"image\":{\"@id\":\"https:\/\/reiki53.fr\/mineraux\/#\/schema\/logo\/image\/\"}}]}<\/script>\n<!-- \/ Yoast SEO plugin. -->","yoast_head_json":{"title":"Agate fossile ou turitelle - AGAPANTHE MIN\u00c9RAUX","description":"l'agate fossile ou turitelle reconnaissable par les motifs qui rappellent de petits coquillages.\u00a0 Cette vari\u00e9t\u00e9 est associ\u00e9e au centre \u00e9nerg\u00e9tique solaire.","robots":{"index":"index","follow":"follow","max-snippet":"max-snippet:-1","max-image-preview":"max-image-preview:large","max-video-preview":"max-video-preview:-1"},"canonical":"https:\/\/reiki53.fr\/mineraux\/produit\/agate-fossile-ou-turitelle\/","og_locale":"fr_FR","og_type":"article","og_title":"Agate fossile ou turitelle - AGAPANTHE MIN\u00c9RAUX","og_description":"l'agate fossile ou turitelle reconnaissable par les motifs qui rappellent de petits coquillages.\u00a0 Cette vari\u00e9t\u00e9 est associ\u00e9e au centre \u00e9nerg\u00e9tique solaire.","og_url":"https:\/\/reiki53.fr\/mineraux\/produit\/agate-fossile-ou-turitelle\/","og_site_name":"AGAPANTHE MIN\u00c9RAUX","article_modified_time":"2024-07-13T09:36:57+00:00","og_image":[{"width":1487,"height":1488,"url":"https:\/\/reiki53.fr\/mineraux\/wp-content\/uploads\/2020\/04\/agate-botswana-agapanthe.jpg","type":"image\/jpeg"}],"twitter_card":"summary_large_image","schema":{"@context":"https:\/\/schema.org","@graph":[{"@type":"WebPage","@id":"https:\/\/reiki53.fr\/mineraux\/produit\/agate-fossile-ou-turitelle\/","url":"https:\/\/reiki53.fr\/mineraux\/produit\/agate-fossile-ou-turitelle\/","name":"Agate fossile ou turitelle - AGAPANTHE MIN\u00c9RAUX","isPartOf":{"@id":"https:\/\/reiki53.fr\/mineraux\/#website"},"primaryImageOfPage":{"@id":"https:\/\/reiki53.fr\/mineraux\/produit\/agate-fossile-ou-turitelle\/#primaryimage"},"image":{"@id":"https:\/\/reiki53.fr\/mineraux\/produit\/agate-fossile-ou-turitelle\/#primaryimage"},"thumbnailUrl":"https:\/\/reiki53.fr\/mineraux\/wp-content\/uploads\/2020\/04\/agate-botswana-agapanthe.jpg","datePublished":"2020-04-15T19:20:40+00:00","dateModified":"2024-07-13T09:36:57+00:00","description":"l'agate fossile ou turitelle reconnaissable par les motifs qui rappellent de petits coquillages.\u00a0 Cette vari\u00e9t\u00e9 est associ\u00e9e au centre \u00e9nerg\u00e9tique solaire.","breadcrumb":{"@id":"https:\/\/reiki53.fr\/mineraux\/produit\/agate-fossile-ou-turitelle\/#breadcrumb"},"inLanguage":"fr-FR","potentialAction":[{"@type":"ReadAction","target":["https:\/\/reiki53.fr\/mineraux\/produit\/agate-fossile-ou-turitelle\/"]}]},{"@type":"ImageObject","inLanguage":"fr-FR","@id":"https:\/\/reiki53.fr\/mineraux\/produit\/agate-fossile-ou-turitelle\/#primaryimage","url":"https:\/\/reiki53.fr\/mineraux\/wp-content\/uploads\/2020\/04\/agate-botswana-agapanthe.jpg","contentUrl":"https:\/\/reiki53.fr\/mineraux\/wp-content\/uploads\/2020\/04\/agate-botswana-agapanthe.jpg","width":1487,"height":1488,"caption":"agate fossile agapanthe"},{"@type":"BreadcrumbList","@id":"https:\/\/reiki53.fr\/mineraux\/produit\/agate-fossile-ou-turitelle\/#breadcrumb","itemListElement":[{"@type":"ListItem","position":1,"name":"Accueil","item":"https:\/\/reiki53.fr\/mineraux\/"},{"@type":"ListItem","position":2,"name":"Boutique","item":"https:\/\/reiki53.fr\/mineraux\/boutique\/"},{"@type":"ListItem","position":3,"name":"Agate fossile ou turitelle"}]},{"@type":"WebSite","@id":"https:\/\/reiki53.fr\/mineraux\/#website","url":"https:\/\/reiki53.fr\/mineraux\/","name":"AGAPANTHE MIN\u00c9RAUX","description":"Magasin physique \u00e0 Laval (53)","publisher":{"@id":"https:\/\/reiki53.fr\/mineraux\/#organization"},"potentialAction":[{"@type":"SearchAction","target":{"@type":"EntryPoint","urlTemplate":"https:\/\/reiki53.fr\/mineraux\/?s={search_term_string}"},"query-input":{"@type":"PropertyValueSpecification","valueRequired":true,"valueName":"search_term_string"}}],"inLanguage":"fr-FR"},{"@type":"Organization","@id":"https:\/\/reiki53.fr\/mineraux\/#organization","name":"OLVB SAS","url":"https:\/\/reiki53.fr\/mineraux\/","logo":{"@type":"ImageObject","inLanguage":"fr-FR","@id":"https:\/\/reiki53.fr\/mineraux\/#\/schema\/logo\/image\/","url":"https:\/\/reiki53.fr\/mineraux\/wp-content\/uploads\/2020\/04\/AGAPANTHE-MINERAUX-Logo-petit.png","contentUrl":"https:\/\/reiki53.fr\/mineraux\/wp-content\/uploads\/2020\/04\/AGAPANTHE-MINERAUX-Logo-petit.png","width":160,"height":160,"caption":"OLVB SAS"},"image":{"@id":"https:\/\/reiki53.fr\/mineraux\/#\/schema\/logo\/image\/"}}]}},"jetpack_sharing_enabled":true,"_links":{"self":[{"href":"https:\/\/reiki53.fr\/mineraux\/wp-json\/wp\/v2\/product\/258","targetHints":{"allow":["GET"]}}],"collection":[{"href":"https:\/\/reiki53.fr\/mineraux\/wp-json\/wp\/v2\/product"}],"about":[{"href":"https:\/\/reiki53.fr\/mineraux\/wp-json\/wp\/v2\/types\/product"}],"replies":[{"embeddable":true,"href":"https:\/\/reiki53.fr\/mineraux\/wp-json\/wp\/v2\/comments?post=258"}],"wp:featuredmedia":[{"embeddable":true,"href":"https:\/\/reiki53.fr\/mineraux\/wp-json\/wp\/v2\/media\/174"}],"wp:attachment":[{"href":"https:\/\/reiki53.fr\/mineraux\/wp-json\/wp\/v2\/media?parent=258"}],"wp:term":[{"taxonomy":"product_brand","embeddable":true,"href":"https:\/\/reiki53.fr\/mineraux\/wp-json\/wp\/v2\/product_brand?post=258"},{"taxonomy":"product_cat","embeddable":true,"href":"https:\/\/reiki53.fr\/mineraux\/wp-json\/wp\/v2\/product_cat?post=258"},{"taxonomy":"product_tag","embeddable":true,"href":"https:\/\/reiki53.fr\/mineraux\/wp-json\/wp\/v2\/product_tag?post=258"}],"curies":[{"name":"wp","href":"https:\/\/api.w.org\/{rel}","templated":true}]}}