{"id":379,"date":"2020-04-19T19:57:18","date_gmt":"2020-04-19T17:57:18","guid":{"rendered":"https:\/\/reiki53.fr\/mineraux\/?post_type=product&#038;p=379"},"modified":"2024-04-18T13:26:53","modified_gmt":"2024-04-18T11:26:53","slug":"oeil-de-faucon","status":"publish","type":"product","link":"https:\/\/reiki53.fr\/mineraux\/produit\/oeil-de-faucon\/","title":{"rendered":"\u0152il de faucon"},"content":{"rendered":"<p>Pierre roul\u00e9e d&rsquo;environ 3 \u00e0 4cm<\/p>\n<p><span id=\"texte_description_fiche_produit\"><strong>L&rsquo;\u0152il de faucon<\/strong> a\u00a0 la symbolique suivante : l&rsquo;ange gardien qui voit tout.<br \/>\n<\/span><\/p>\n<p>En plus de soulager des troubles de la vue, il am\u00e9liore le sens de l&rsquo;observation, la pr\u00e9cision de la vision avec une attention soutenue.<\/p>\n<p>Il ouvre l&rsquo;esprit aux id\u00e9es neuves, stimule l&rsquo;\u00e9coute des autres.<\/p>\n<p>Pierre tr\u00e8s utile aux personnes conservatrices, \u00e9troites d&rsquo;esprit, psychorigides.<\/p>\n<p>&nbsp;<\/p>\n","protected":false},"excerpt":{"rendered":"<p>Les vertus sommaires de l\u2019\u0153il de faucon :<\/p>\n<ul>\n<li>R\u00e9gulateur du syst\u00e8me respiratoire<\/li>\n<li>Apaisement et purification des bronches<\/li>\n<li>Stimule les facult\u00e9s de communication<\/li>\n<li>Tol\u00e9rance et ouverture d esprit<\/li>\n<li>Apporte courage pour aller de l avant<\/li>\n<\/ul>\n<p>Signe astrologique de pr\u00e9dilection : Verseau, Capricorne, G\u00e9meaux<\/p>\n<p>Rechargement : amas de quartz (druse) au soleil<\/p>\n","protected":false},"featured_media":226,"comment_status":"open","ping_status":"closed","template":"","meta":[],"product_brand":[],"product_cat":[23,24],"product_tag":[531,43,44,527,530,41,42,528,40,525,524,46,161,162,523,45,529],"class_list":{"0":"post-379","1":"product","2":"type-product","3":"status-publish","4":"has-post-thumbnail","6":"product_cat-mineraux","7":"product_cat-pierres-roulees","8":"product_tag-achat-de-mineraux","9":"product_tag-agapanthe-53","10":"product_tag-agapanthe-mineraux","11":"product_tag-boutique-de-mineraux","12":"product_tag-boutique-de-pierres-semi-precieuses","13":"product_tag-lithotherapie","14":"product_tag-lithotherapie-53","15":"product_tag-magasin-de-mineraux","16":"product_tag-mineraux","17":"product_tag-mineraux-53","18":"product_tag-mineraux-en-mayenne","19":"product_tag-mineraux-laval","20":"product_tag-oeil-de-faucon","21":"product_tag-oeil-de-faucon-mineraux","22":"product_tag-pierre-semi-precieuse","23":"product_tag-pierres-naturelles","24":"product_tag-pierres-precieuses","26":"first","27":"instock","28":"taxable","29":"shipping-taxable","30":"purchasable","31":"product-type-simple"},"yoast_head":"<!-- This site is optimized with the Yoast SEO plugin v26.5 - https:\/\/yoast.com\/wordpress\/plugins\/seo\/ -->\n<title>\u0152il de faucon - AGAPANTHE MIN\u00c9RAUX<\/title>\n<meta name=\"description\" content=\"L&#039;\u0152il de faucon en plus de soulager des troubles de la vue, il am\u00e9liore le sens de l&#039;observation, la pr\u00e9cision de la vision avec une attention soutenue.\" \/>\n<meta name=\"robots\" content=\"index, follow, max-snippet:-1, max-image-preview:large, max-video-preview:-1\" \/>\n<link rel=\"canonical\" href=\"https:\/\/reiki53.fr\/mineraux\/produit\/oeil-de-faucon\/\" \/>\n<meta property=\"og:locale\" content=\"fr_FR\" \/>\n<meta property=\"og:type\" content=\"article\" \/>\n<meta property=\"og:title\" content=\"\u0152il de faucon - AGAPANTHE MIN\u00c9RAUX\" \/>\n<meta property=\"og:description\" content=\"L&#039;\u0152il de faucon en plus de soulager des troubles de la vue, il am\u00e9liore le sens de l&#039;observation, la pr\u00e9cision de la vision avec une attention soutenue.\" \/>\n<meta property=\"og:url\" content=\"https:\/\/reiki53.fr\/mineraux\/produit\/oeil-de-faucon\/\" \/>\n<meta property=\"og:site_name\" content=\"AGAPANTHE MIN\u00c9RAUX\" \/>\n<meta property=\"article:modified_time\" content=\"2024-04-18T11:26:53+00:00\" \/>\n<meta property=\"og:image\" content=\"https:\/\/reiki53.fr\/mineraux\/wp-content\/uploads\/2020\/04\/oeil-de-faucon-agapanthe.jpg\" \/>\n\t<meta property=\"og:image:width\" content=\"1488\" \/>\n\t<meta property=\"og:image:height\" content=\"1487\" \/>\n\t<meta property=\"og:image:type\" content=\"image\/jpeg\" \/>\n<meta name=\"twitter:card\" content=\"summary_large_image\" \/>\n<script type=\"application\/ld+json\" class=\"yoast-schema-graph\">{\"@context\":\"https:\/\/schema.org\",\"@graph\":[{\"@type\":\"WebPage\",\"@id\":\"https:\/\/reiki53.fr\/mineraux\/produit\/oeil-de-faucon\/\",\"url\":\"https:\/\/reiki53.fr\/mineraux\/produit\/oeil-de-faucon\/\",\"name\":\"\u0152il de faucon - AGAPANTHE MIN\u00c9RAUX\",\"isPartOf\":{\"@id\":\"https:\/\/reiki53.fr\/mineraux\/#website\"},\"primaryImageOfPage\":{\"@id\":\"https:\/\/reiki53.fr\/mineraux\/produit\/oeil-de-faucon\/#primaryimage\"},\"image\":{\"@id\":\"https:\/\/reiki53.fr\/mineraux\/produit\/oeil-de-faucon\/#primaryimage\"},\"thumbnailUrl\":\"https:\/\/reiki53.fr\/mineraux\/wp-content\/uploads\/2020\/04\/oeil-de-faucon-agapanthe.jpg\",\"datePublished\":\"2020-04-19T17:57:18+00:00\",\"dateModified\":\"2024-04-18T11:26:53+00:00\",\"description\":\"L'\u0152il de faucon en plus de soulager des troubles de la vue, il am\u00e9liore le sens de l'observation, la pr\u00e9cision de la vision avec une attention soutenue.\",\"breadcrumb\":{\"@id\":\"https:\/\/reiki53.fr\/mineraux\/produit\/oeil-de-faucon\/#breadcrumb\"},\"inLanguage\":\"fr-FR\",\"potentialAction\":[{\"@type\":\"ReadAction\",\"target\":[\"https:\/\/reiki53.fr\/mineraux\/produit\/oeil-de-faucon\/\"]}]},{\"@type\":\"ImageObject\",\"inLanguage\":\"fr-FR\",\"@id\":\"https:\/\/reiki53.fr\/mineraux\/produit\/oeil-de-faucon\/#primaryimage\",\"url\":\"https:\/\/reiki53.fr\/mineraux\/wp-content\/uploads\/2020\/04\/oeil-de-faucon-agapanthe.jpg\",\"contentUrl\":\"https:\/\/reiki53.fr\/mineraux\/wp-content\/uploads\/2020\/04\/oeil-de-faucon-agapanthe.jpg\",\"width\":1488,\"height\":1487,\"caption\":\"oeil de faucon\"},{\"@type\":\"BreadcrumbList\",\"@id\":\"https:\/\/reiki53.fr\/mineraux\/produit\/oeil-de-faucon\/#breadcrumb\",\"itemListElement\":[{\"@type\":\"ListItem\",\"position\":1,\"name\":\"Accueil\",\"item\":\"https:\/\/reiki53.fr\/mineraux\/\"},{\"@type\":\"ListItem\",\"position\":2,\"name\":\"Boutique\",\"item\":\"https:\/\/reiki53.fr\/mineraux\/boutique\/\"},{\"@type\":\"ListItem\",\"position\":3,\"name\":\"\u0152il de faucon\"}]},{\"@type\":\"WebSite\",\"@id\":\"https:\/\/reiki53.fr\/mineraux\/#website\",\"url\":\"https:\/\/reiki53.fr\/mineraux\/\",\"name\":\"AGAPANTHE MIN\u00c9RAUX\",\"description\":\"Magasin physique \u00e0 Laval (53)\",\"publisher\":{\"@id\":\"https:\/\/reiki53.fr\/mineraux\/#organization\"},\"potentialAction\":[{\"@type\":\"SearchAction\",\"target\":{\"@type\":\"EntryPoint\",\"urlTemplate\":\"https:\/\/reiki53.fr\/mineraux\/?s={search_term_string}\"},\"query-input\":{\"@type\":\"PropertyValueSpecification\",\"valueRequired\":true,\"valueName\":\"search_term_string\"}}],\"inLanguage\":\"fr-FR\"},{\"@type\":\"Organization\",\"@id\":\"https:\/\/reiki53.fr\/mineraux\/#organization\",\"name\":\"OLVB SAS\",\"url\":\"https:\/\/reiki53.fr\/mineraux\/\",\"logo\":{\"@type\":\"ImageObject\",\"inLanguage\":\"fr-FR\",\"@id\":\"https:\/\/reiki53.fr\/mineraux\/#\/schema\/logo\/image\/\",\"url\":\"https:\/\/reiki53.fr\/mineraux\/wp-content\/uploads\/2020\/04\/AGAPANTHE-MINERAUX-Logo-petit.png\",\"contentUrl\":\"https:\/\/reiki53.fr\/mineraux\/wp-content\/uploads\/2020\/04\/AGAPANTHE-MINERAUX-Logo-petit.png\",\"width\":160,\"height\":160,\"caption\":\"OLVB SAS\"},\"image\":{\"@id\":\"https:\/\/reiki53.fr\/mineraux\/#\/schema\/logo\/image\/\"}}]}<\/script>\n<!-- \/ Yoast SEO plugin. -->","yoast_head_json":{"title":"\u0152il de faucon - AGAPANTHE MIN\u00c9RAUX","description":"L'\u0152il de faucon en plus de soulager des troubles de la vue, il am\u00e9liore le sens de l'observation, la pr\u00e9cision de la vision avec une attention soutenue.","robots":{"index":"index","follow":"follow","max-snippet":"max-snippet:-1","max-image-preview":"max-image-preview:large","max-video-preview":"max-video-preview:-1"},"canonical":"https:\/\/reiki53.fr\/mineraux\/produit\/oeil-de-faucon\/","og_locale":"fr_FR","og_type":"article","og_title":"\u0152il de faucon - AGAPANTHE MIN\u00c9RAUX","og_description":"L'\u0152il de faucon en plus de soulager des troubles de la vue, il am\u00e9liore le sens de l'observation, la pr\u00e9cision de la vision avec une attention soutenue.","og_url":"https:\/\/reiki53.fr\/mineraux\/produit\/oeil-de-faucon\/","og_site_name":"AGAPANTHE MIN\u00c9RAUX","article_modified_time":"2024-04-18T11:26:53+00:00","og_image":[{"width":1488,"height":1487,"url":"https:\/\/reiki53.fr\/mineraux\/wp-content\/uploads\/2020\/04\/oeil-de-faucon-agapanthe.jpg","type":"image\/jpeg"}],"twitter_card":"summary_large_image","schema":{"@context":"https:\/\/schema.org","@graph":[{"@type":"WebPage","@id":"https:\/\/reiki53.fr\/mineraux\/produit\/oeil-de-faucon\/","url":"https:\/\/reiki53.fr\/mineraux\/produit\/oeil-de-faucon\/","name":"\u0152il de faucon - AGAPANTHE MIN\u00c9RAUX","isPartOf":{"@id":"https:\/\/reiki53.fr\/mineraux\/#website"},"primaryImageOfPage":{"@id":"https:\/\/reiki53.fr\/mineraux\/produit\/oeil-de-faucon\/#primaryimage"},"image":{"@id":"https:\/\/reiki53.fr\/mineraux\/produit\/oeil-de-faucon\/#primaryimage"},"thumbnailUrl":"https:\/\/reiki53.fr\/mineraux\/wp-content\/uploads\/2020\/04\/oeil-de-faucon-agapanthe.jpg","datePublished":"2020-04-19T17:57:18+00:00","dateModified":"2024-04-18T11:26:53+00:00","description":"L'\u0152il de faucon en plus de soulager des troubles de la vue, il am\u00e9liore le sens de l'observation, la pr\u00e9cision de la vision avec une attention soutenue.","breadcrumb":{"@id":"https:\/\/reiki53.fr\/mineraux\/produit\/oeil-de-faucon\/#breadcrumb"},"inLanguage":"fr-FR","potentialAction":[{"@type":"ReadAction","target":["https:\/\/reiki53.fr\/mineraux\/produit\/oeil-de-faucon\/"]}]},{"@type":"ImageObject","inLanguage":"fr-FR","@id":"https:\/\/reiki53.fr\/mineraux\/produit\/oeil-de-faucon\/#primaryimage","url":"https:\/\/reiki53.fr\/mineraux\/wp-content\/uploads\/2020\/04\/oeil-de-faucon-agapanthe.jpg","contentUrl":"https:\/\/reiki53.fr\/mineraux\/wp-content\/uploads\/2020\/04\/oeil-de-faucon-agapanthe.jpg","width":1488,"height":1487,"caption":"oeil de faucon"},{"@type":"BreadcrumbList","@id":"https:\/\/reiki53.fr\/mineraux\/produit\/oeil-de-faucon\/#breadcrumb","itemListElement":[{"@type":"ListItem","position":1,"name":"Accueil","item":"https:\/\/reiki53.fr\/mineraux\/"},{"@type":"ListItem","position":2,"name":"Boutique","item":"https:\/\/reiki53.fr\/mineraux\/boutique\/"},{"@type":"ListItem","position":3,"name":"\u0152il de faucon"}]},{"@type":"WebSite","@id":"https:\/\/reiki53.fr\/mineraux\/#website","url":"https:\/\/reiki53.fr\/mineraux\/","name":"AGAPANTHE MIN\u00c9RAUX","description":"Magasin physique \u00e0 Laval (53)","publisher":{"@id":"https:\/\/reiki53.fr\/mineraux\/#organization"},"potentialAction":[{"@type":"SearchAction","target":{"@type":"EntryPoint","urlTemplate":"https:\/\/reiki53.fr\/mineraux\/?s={search_term_string}"},"query-input":{"@type":"PropertyValueSpecification","valueRequired":true,"valueName":"search_term_string"}}],"inLanguage":"fr-FR"},{"@type":"Organization","@id":"https:\/\/reiki53.fr\/mineraux\/#organization","name":"OLVB SAS","url":"https:\/\/reiki53.fr\/mineraux\/","logo":{"@type":"ImageObject","inLanguage":"fr-FR","@id":"https:\/\/reiki53.fr\/mineraux\/#\/schema\/logo\/image\/","url":"https:\/\/reiki53.fr\/mineraux\/wp-content\/uploads\/2020\/04\/AGAPANTHE-MINERAUX-Logo-petit.png","contentUrl":"https:\/\/reiki53.fr\/mineraux\/wp-content\/uploads\/2020\/04\/AGAPANTHE-MINERAUX-Logo-petit.png","width":160,"height":160,"caption":"OLVB SAS"},"image":{"@id":"https:\/\/reiki53.fr\/mineraux\/#\/schema\/logo\/image\/"}}]}},"jetpack_sharing_enabled":true,"_links":{"self":[{"href":"https:\/\/reiki53.fr\/mineraux\/wp-json\/wp\/v2\/product\/379","targetHints":{"allow":["GET"]}}],"collection":[{"href":"https:\/\/reiki53.fr\/mineraux\/wp-json\/wp\/v2\/product"}],"about":[{"href":"https:\/\/reiki53.fr\/mineraux\/wp-json\/wp\/v2\/types\/product"}],"replies":[{"embeddable":true,"href":"https:\/\/reiki53.fr\/mineraux\/wp-json\/wp\/v2\/comments?post=379"}],"wp:featuredmedia":[{"embeddable":true,"href":"https:\/\/reiki53.fr\/mineraux\/wp-json\/wp\/v2\/media\/226"}],"wp:attachment":[{"href":"https:\/\/reiki53.fr\/mineraux\/wp-json\/wp\/v2\/media?parent=379"}],"wp:term":[{"taxonomy":"product_brand","embeddable":true,"href":"https:\/\/reiki53.fr\/mineraux\/wp-json\/wp\/v2\/product_brand?post=379"},{"taxonomy":"product_cat","embeddable":true,"href":"https:\/\/reiki53.fr\/mineraux\/wp-json\/wp\/v2\/product_cat?post=379"},{"taxonomy":"product_tag","embeddable":true,"href":"https:\/\/reiki53.fr\/mineraux\/wp-json\/wp\/v2\/product_tag?post=379"}],"curies":[{"name":"wp","href":"https:\/\/api.w.org\/{rel}","templated":true}]}}