{"id":403,"date":"2020-04-20T11:42:36","date_gmt":"2020-04-20T09:42:36","guid":{"rendered":"https:\/\/reiki53.fr\/mineraux\/?post_type=product&#038;p=403"},"modified":"2020-11-12T10:02:53","modified_gmt":"2020-11-12T09:02:53","slug":"sodalite","status":"publish","type":"product","link":"https:\/\/reiki53.fr\/mineraux\/produit\/sodalite\/","title":{"rendered":"Sodalite"},"content":{"rendered":"<p>Pierre roul\u00e9e d&rsquo;environ 2 \u00e0 3 cm<\/p>\n<p><span id=\"texte_description_fiche_produit\"><strong>La Sodalite<\/strong> pourrait \u00eatre confondue avec du <a href=\"https:\/\/reiki53.fr\/mineraux\/produit\/lapis-lazuli\/\">Lapis-Lazuli <\/a>; cela n&rsquo;a que peu d&rsquo;importance parce que la sodalite a des propri\u00e9t\u00e9s tr\u00e8s proches du <a href=\"https:\/\/reiki53.fr\/mineraux\/produit\/lapis-lazuli\/\">lapis-lazuli<\/a><br \/>\n<\/span><\/p>\n<p>Bien qu&rsquo;elle soit un peu moins puissante et plus discr\u00e8te, elle propage les m\u00eames effets apaisants avec une s\u00e9r\u00e9nit\u00e9 plus profonde.<\/p>\n<p>Pierre de logique elle canalise la pens\u00e9e de fa\u00e7on rationnelle, elle assouplit l&rsquo;esprit.<\/p>\n<p>La sodalite vein\u00e9e de blanc apporte plus de lumi\u00e8re pour l&rsquo;esprit, et<\/p>\n<p>la sodalite \u00e0 zones sombres apporte une bonne protection contre les influences n\u00e9gatives.<\/p>\n<p>&nbsp;<\/p>\n<p>&nbsp;<\/p>\n","protected":false},"excerpt":{"rendered":"<p>Les vertus sommaires de la sodalite :<\/p>\n<ul>\n<li>Cordes vocales \/ insomnie<\/li>\n<li>Glandes endocrinales<\/li>\n<li>Calmant \/ d\u00e9tente \/ gestion du stress<\/li>\n<li>Acceptation de la v\u00e9rit\u00e9<\/li>\n<li>Fid\u00e9lit\u00e9 a soi-m\u00eame<\/li>\n<\/ul>\n<p>Signe astrologique de pr\u00e9dilection : Sagittaire, Poissons, Vierge<\/p>\n<p>Rechargement : amas de quartz (druse)\u00a0 peu soleil plut\u00f4t la lumi\u00e8re de la lune<\/p>\n<p>&nbsp;<\/p>\n","protected":false},"featured_media":404,"comment_status":"open","ping_status":"closed","template":"","meta":[],"product_brand":[],"product_cat":[23,24],"product_tag":[531,43,44,527,530,41,42,528,40,525,524,46,523,45,529,191,192],"class_list":{"0":"post-403","1":"product","2":"type-product","3":"status-publish","4":"has-post-thumbnail","6":"product_cat-mineraux","7":"product_cat-pierres-roulees","8":"product_tag-achat-de-mineraux","9":"product_tag-agapanthe-53","10":"product_tag-agapanthe-mineraux","11":"product_tag-boutique-de-mineraux","12":"product_tag-boutique-de-pierres-semi-precieuses","13":"product_tag-lithotherapie","14":"product_tag-lithotherapie-53","15":"product_tag-magasin-de-mineraux","16":"product_tag-mineraux","17":"product_tag-mineraux-53","18":"product_tag-mineraux-en-mayenne","19":"product_tag-mineraux-laval","20":"product_tag-pierre-semi-precieuse","21":"product_tag-pierres-naturelles","22":"product_tag-pierres-precieuses","23":"product_tag-sodalite","24":"product_tag-sodalite-mineraux","26":"first","27":"instock","28":"taxable","29":"shipping-taxable","30":"purchasable","31":"product-type-simple"},"yoast_head":"<!-- This site is optimized with the Yoast SEO plugin v26.5 - https:\/\/yoast.com\/wordpress\/plugins\/seo\/ -->\n<title>Sodalite - AGAPANTHE MIN\u00c9RAUX<\/title>\n<meta name=\"description\" content=\"a Sodalite propage les m\u00eames effets apaisants avec une s\u00e9r\u00e9nit\u00e9 plus profonde que le lapis lazuli. Elle canalise la pens\u00e9e de fa\u00e7on rationnelle.\" \/>\n<meta name=\"robots\" content=\"index, follow, max-snippet:-1, max-image-preview:large, max-video-preview:-1\" \/>\n<link rel=\"canonical\" href=\"https:\/\/reiki53.fr\/mineraux\/produit\/sodalite\/\" \/>\n<meta property=\"og:locale\" content=\"fr_FR\" \/>\n<meta property=\"og:type\" content=\"article\" \/>\n<meta property=\"og:title\" content=\"Sodalite - AGAPANTHE MIN\u00c9RAUX\" \/>\n<meta property=\"og:description\" content=\"a Sodalite propage les m\u00eames effets apaisants avec une s\u00e9r\u00e9nit\u00e9 plus profonde que le lapis lazuli. Elle canalise la pens\u00e9e de fa\u00e7on rationnelle.\" \/>\n<meta property=\"og:url\" content=\"https:\/\/reiki53.fr\/mineraux\/produit\/sodalite\/\" \/>\n<meta property=\"og:site_name\" content=\"AGAPANTHE MIN\u00c9RAUX\" \/>\n<meta property=\"article:modified_time\" content=\"2020-11-12T09:02:53+00:00\" \/>\n<meta property=\"og:image\" content=\"https:\/\/reiki53.fr\/mineraux\/wp-content\/uploads\/2020\/04\/sodalite-agapanthe.jpg\" \/>\n\t<meta property=\"og:image:width\" content=\"898\" \/>\n\t<meta property=\"og:image:height\" content=\"898\" \/>\n\t<meta property=\"og:image:type\" content=\"image\/jpeg\" \/>\n<meta name=\"twitter:card\" content=\"summary_large_image\" \/>\n<meta name=\"twitter:label1\" content=\"Dur\u00e9e de lecture estim\u00e9e\" \/>\n\t<meta name=\"twitter:data1\" content=\"1 minute\" \/>\n<script type=\"application\/ld+json\" class=\"yoast-schema-graph\">{\"@context\":\"https:\/\/schema.org\",\"@graph\":[{\"@type\":\"WebPage\",\"@id\":\"https:\/\/reiki53.fr\/mineraux\/produit\/sodalite\/\",\"url\":\"https:\/\/reiki53.fr\/mineraux\/produit\/sodalite\/\",\"name\":\"Sodalite - AGAPANTHE MIN\u00c9RAUX\",\"isPartOf\":{\"@id\":\"https:\/\/reiki53.fr\/mineraux\/#website\"},\"primaryImageOfPage\":{\"@id\":\"https:\/\/reiki53.fr\/mineraux\/produit\/sodalite\/#primaryimage\"},\"image\":{\"@id\":\"https:\/\/reiki53.fr\/mineraux\/produit\/sodalite\/#primaryimage\"},\"thumbnailUrl\":\"https:\/\/reiki53.fr\/mineraux\/wp-content\/uploads\/2020\/04\/sodalite-agapanthe.jpg\",\"datePublished\":\"2020-04-20T09:42:36+00:00\",\"dateModified\":\"2020-11-12T09:02:53+00:00\",\"description\":\"a Sodalite propage les m\u00eames effets apaisants avec une s\u00e9r\u00e9nit\u00e9 plus profonde que le lapis lazuli. Elle canalise la pens\u00e9e de fa\u00e7on rationnelle.\",\"breadcrumb\":{\"@id\":\"https:\/\/reiki53.fr\/mineraux\/produit\/sodalite\/#breadcrumb\"},\"inLanguage\":\"fr-FR\",\"potentialAction\":[{\"@type\":\"ReadAction\",\"target\":[\"https:\/\/reiki53.fr\/mineraux\/produit\/sodalite\/\"]}]},{\"@type\":\"ImageObject\",\"inLanguage\":\"fr-FR\",\"@id\":\"https:\/\/reiki53.fr\/mineraux\/produit\/sodalite\/#primaryimage\",\"url\":\"https:\/\/reiki53.fr\/mineraux\/wp-content\/uploads\/2020\/04\/sodalite-agapanthe.jpg\",\"contentUrl\":\"https:\/\/reiki53.fr\/mineraux\/wp-content\/uploads\/2020\/04\/sodalite-agapanthe.jpg\",\"width\":898,\"height\":898,\"caption\":\"sodalite\"},{\"@type\":\"BreadcrumbList\",\"@id\":\"https:\/\/reiki53.fr\/mineraux\/produit\/sodalite\/#breadcrumb\",\"itemListElement\":[{\"@type\":\"ListItem\",\"position\":1,\"name\":\"Accueil\",\"item\":\"https:\/\/reiki53.fr\/mineraux\/\"},{\"@type\":\"ListItem\",\"position\":2,\"name\":\"Boutique\",\"item\":\"https:\/\/reiki53.fr\/mineraux\/boutique\/\"},{\"@type\":\"ListItem\",\"position\":3,\"name\":\"Sodalite\"}]},{\"@type\":\"WebSite\",\"@id\":\"https:\/\/reiki53.fr\/mineraux\/#website\",\"url\":\"https:\/\/reiki53.fr\/mineraux\/\",\"name\":\"AGAPANTHE MIN\u00c9RAUX\",\"description\":\"Magasin physique \u00e0 Laval (53)\",\"publisher\":{\"@id\":\"https:\/\/reiki53.fr\/mineraux\/#organization\"},\"potentialAction\":[{\"@type\":\"SearchAction\",\"target\":{\"@type\":\"EntryPoint\",\"urlTemplate\":\"https:\/\/reiki53.fr\/mineraux\/?s={search_term_string}\"},\"query-input\":{\"@type\":\"PropertyValueSpecification\",\"valueRequired\":true,\"valueName\":\"search_term_string\"}}],\"inLanguage\":\"fr-FR\"},{\"@type\":\"Organization\",\"@id\":\"https:\/\/reiki53.fr\/mineraux\/#organization\",\"name\":\"OLVB SAS\",\"url\":\"https:\/\/reiki53.fr\/mineraux\/\",\"logo\":{\"@type\":\"ImageObject\",\"inLanguage\":\"fr-FR\",\"@id\":\"https:\/\/reiki53.fr\/mineraux\/#\/schema\/logo\/image\/\",\"url\":\"https:\/\/reiki53.fr\/mineraux\/wp-content\/uploads\/2020\/04\/AGAPANTHE-MINERAUX-Logo-petit.png\",\"contentUrl\":\"https:\/\/reiki53.fr\/mineraux\/wp-content\/uploads\/2020\/04\/AGAPANTHE-MINERAUX-Logo-petit.png\",\"width\":160,\"height\":160,\"caption\":\"OLVB SAS\"},\"image\":{\"@id\":\"https:\/\/reiki53.fr\/mineraux\/#\/schema\/logo\/image\/\"}}]}<\/script>\n<!-- \/ Yoast SEO plugin. -->","yoast_head_json":{"title":"Sodalite - AGAPANTHE MIN\u00c9RAUX","description":"a Sodalite propage les m\u00eames effets apaisants avec une s\u00e9r\u00e9nit\u00e9 plus profonde que le lapis lazuli. Elle canalise la pens\u00e9e de fa\u00e7on rationnelle.","robots":{"index":"index","follow":"follow","max-snippet":"max-snippet:-1","max-image-preview":"max-image-preview:large","max-video-preview":"max-video-preview:-1"},"canonical":"https:\/\/reiki53.fr\/mineraux\/produit\/sodalite\/","og_locale":"fr_FR","og_type":"article","og_title":"Sodalite - AGAPANTHE MIN\u00c9RAUX","og_description":"a Sodalite propage les m\u00eames effets apaisants avec une s\u00e9r\u00e9nit\u00e9 plus profonde que le lapis lazuli. Elle canalise la pens\u00e9e de fa\u00e7on rationnelle.","og_url":"https:\/\/reiki53.fr\/mineraux\/produit\/sodalite\/","og_site_name":"AGAPANTHE MIN\u00c9RAUX","article_modified_time":"2020-11-12T09:02:53+00:00","og_image":[{"width":898,"height":898,"url":"https:\/\/reiki53.fr\/mineraux\/wp-content\/uploads\/2020\/04\/sodalite-agapanthe.jpg","type":"image\/jpeg"}],"twitter_card":"summary_large_image","twitter_misc":{"Dur\u00e9e de lecture estim\u00e9e":"1 minute"},"schema":{"@context":"https:\/\/schema.org","@graph":[{"@type":"WebPage","@id":"https:\/\/reiki53.fr\/mineraux\/produit\/sodalite\/","url":"https:\/\/reiki53.fr\/mineraux\/produit\/sodalite\/","name":"Sodalite - AGAPANTHE MIN\u00c9RAUX","isPartOf":{"@id":"https:\/\/reiki53.fr\/mineraux\/#website"},"primaryImageOfPage":{"@id":"https:\/\/reiki53.fr\/mineraux\/produit\/sodalite\/#primaryimage"},"image":{"@id":"https:\/\/reiki53.fr\/mineraux\/produit\/sodalite\/#primaryimage"},"thumbnailUrl":"https:\/\/reiki53.fr\/mineraux\/wp-content\/uploads\/2020\/04\/sodalite-agapanthe.jpg","datePublished":"2020-04-20T09:42:36+00:00","dateModified":"2020-11-12T09:02:53+00:00","description":"a Sodalite propage les m\u00eames effets apaisants avec une s\u00e9r\u00e9nit\u00e9 plus profonde que le lapis lazuli. Elle canalise la pens\u00e9e de fa\u00e7on rationnelle.","breadcrumb":{"@id":"https:\/\/reiki53.fr\/mineraux\/produit\/sodalite\/#breadcrumb"},"inLanguage":"fr-FR","potentialAction":[{"@type":"ReadAction","target":["https:\/\/reiki53.fr\/mineraux\/produit\/sodalite\/"]}]},{"@type":"ImageObject","inLanguage":"fr-FR","@id":"https:\/\/reiki53.fr\/mineraux\/produit\/sodalite\/#primaryimage","url":"https:\/\/reiki53.fr\/mineraux\/wp-content\/uploads\/2020\/04\/sodalite-agapanthe.jpg","contentUrl":"https:\/\/reiki53.fr\/mineraux\/wp-content\/uploads\/2020\/04\/sodalite-agapanthe.jpg","width":898,"height":898,"caption":"sodalite"},{"@type":"BreadcrumbList","@id":"https:\/\/reiki53.fr\/mineraux\/produit\/sodalite\/#breadcrumb","itemListElement":[{"@type":"ListItem","position":1,"name":"Accueil","item":"https:\/\/reiki53.fr\/mineraux\/"},{"@type":"ListItem","position":2,"name":"Boutique","item":"https:\/\/reiki53.fr\/mineraux\/boutique\/"},{"@type":"ListItem","position":3,"name":"Sodalite"}]},{"@type":"WebSite","@id":"https:\/\/reiki53.fr\/mineraux\/#website","url":"https:\/\/reiki53.fr\/mineraux\/","name":"AGAPANTHE MIN\u00c9RAUX","description":"Magasin physique \u00e0 Laval (53)","publisher":{"@id":"https:\/\/reiki53.fr\/mineraux\/#organization"},"potentialAction":[{"@type":"SearchAction","target":{"@type":"EntryPoint","urlTemplate":"https:\/\/reiki53.fr\/mineraux\/?s={search_term_string}"},"query-input":{"@type":"PropertyValueSpecification","valueRequired":true,"valueName":"search_term_string"}}],"inLanguage":"fr-FR"},{"@type":"Organization","@id":"https:\/\/reiki53.fr\/mineraux\/#organization","name":"OLVB SAS","url":"https:\/\/reiki53.fr\/mineraux\/","logo":{"@type":"ImageObject","inLanguage":"fr-FR","@id":"https:\/\/reiki53.fr\/mineraux\/#\/schema\/logo\/image\/","url":"https:\/\/reiki53.fr\/mineraux\/wp-content\/uploads\/2020\/04\/AGAPANTHE-MINERAUX-Logo-petit.png","contentUrl":"https:\/\/reiki53.fr\/mineraux\/wp-content\/uploads\/2020\/04\/AGAPANTHE-MINERAUX-Logo-petit.png","width":160,"height":160,"caption":"OLVB SAS"},"image":{"@id":"https:\/\/reiki53.fr\/mineraux\/#\/schema\/logo\/image\/"}}]}},"jetpack_sharing_enabled":true,"_links":{"self":[{"href":"https:\/\/reiki53.fr\/mineraux\/wp-json\/wp\/v2\/product\/403","targetHints":{"allow":["GET"]}}],"collection":[{"href":"https:\/\/reiki53.fr\/mineraux\/wp-json\/wp\/v2\/product"}],"about":[{"href":"https:\/\/reiki53.fr\/mineraux\/wp-json\/wp\/v2\/types\/product"}],"replies":[{"embeddable":true,"href":"https:\/\/reiki53.fr\/mineraux\/wp-json\/wp\/v2\/comments?post=403"}],"wp:featuredmedia":[{"embeddable":true,"href":"https:\/\/reiki53.fr\/mineraux\/wp-json\/wp\/v2\/media\/404"}],"wp:attachment":[{"href":"https:\/\/reiki53.fr\/mineraux\/wp-json\/wp\/v2\/media?parent=403"}],"wp:term":[{"taxonomy":"product_brand","embeddable":true,"href":"https:\/\/reiki53.fr\/mineraux\/wp-json\/wp\/v2\/product_brand?post=403"},{"taxonomy":"product_cat","embeddable":true,"href":"https:\/\/reiki53.fr\/mineraux\/wp-json\/wp\/v2\/product_cat?post=403"},{"taxonomy":"product_tag","embeddable":true,"href":"https:\/\/reiki53.fr\/mineraux\/wp-json\/wp\/v2\/product_tag?post=403"}],"curies":[{"name":"wp","href":"https:\/\/api.w.org\/{rel}","templated":true}]}}