{"id":553,"date":"2020-04-20T22:50:07","date_gmt":"2020-04-20T20:50:07","guid":{"rendered":"https:\/\/reiki53.fr\/mineraux\/?post_type=product&#038;p=553"},"modified":"2023-03-23T14:24:32","modified_gmt":"2023-03-23T13:24:32","slug":"bracelet-fluorine-6mm","status":"publish","type":"product","link":"https:\/\/reiki53.fr\/mineraux\/produit\/bracelet-fluorine-6mm\/","title":{"rendered":"Bracelet Fluorine &#8211; 6mm"},"content":{"rendered":"<p><strong>La fluorine<\/strong> (ou fluorite) a comme symbolique la structuration de l&rsquo;esprit.<\/p>\n<p>Avec un spectre de couleurs tr\u00e8s large\u00a0 allant du vert au violet, cette pierre joue avec la transparence.<\/p>\n<p>Elle est principalement associ\u00e9e au 5\u00e8me chakra (gorge).<\/p>\n<p>N\u00e9anmoins, plac\u00e9e sur le chakra du plexus solaire, c&rsquo;est un excellent agent du tonus musculaire et de l&rsquo;\u00e9limination des toxines. Pierre recommand\u00e9e aux sportifs.<\/p>\n<p>&nbsp;<\/p>\n<p>&nbsp;<\/p>\n","protected":false},"excerpt":{"rendered":"<p><strong>Bracelet boules Fluorine \u00d8 6mm<\/strong><\/p>\n<p>Les vertus sommaires de la fluorine (fluorite) :<\/p>\n<ul>\n<li>Calcification<\/li>\n<li>Douleurs musculaires<\/li>\n<li>Confusion mentale<\/li>\n<li>Nervosit\u00e9<\/li>\n<\/ul>\n<p>Rechargement : amas de quartz (druse), soleil<\/p>\n","protected":false},"featured_media":529,"comment_status":"open","ping_status":"closed","template":"","meta":[],"product_brand":[],"product_cat":[212,211],"product_tag":[531,43,44,527,530,221,130,132,131,41,42,528,40,525,524,46,523,45,529],"class_list":{"0":"post-553","1":"product","2":"type-product","3":"status-publish","4":"has-post-thumbnail","6":"product_cat-bijoux","7":"product_cat-bracelets-boules","8":"product_tag-achat-de-mineraux","9":"product_tag-agapanthe-53","10":"product_tag-agapanthe-mineraux","11":"product_tag-boutique-de-mineraux","12":"product_tag-boutique-de-pierres-semi-precieuses","13":"product_tag-bracelet-fluorine","14":"product_tag-fluorine","15":"product_tag-fluorine-mineraux","16":"product_tag-fluorite","17":"product_tag-lithotherapie","18":"product_tag-lithotherapie-53","19":"product_tag-magasin-de-mineraux","20":"product_tag-mineraux","21":"product_tag-mineraux-53","22":"product_tag-mineraux-en-mayenne","23":"product_tag-mineraux-laval","24":"product_tag-pierre-semi-precieuse","25":"product_tag-pierres-naturelles","26":"product_tag-pierres-precieuses","28":"first","29":"instock","30":"taxable","31":"shipping-taxable","32":"purchasable","33":"product-type-simple"},"yoast_head":"<!-- This site is optimized with the Yoast SEO plugin v26.5 - https:\/\/yoast.com\/wordpress\/plugins\/seo\/ -->\n<title>Bracelet Fluorine - 6mm - AGAPANTHE MIN\u00c9RAUX<\/title>\n<meta name=\"description\" content=\"a fluorine (ou fluorite) a comme symbolique la structuration de l&#039;esprit avec un spectre de couleurs allant du vert au violet avec de la transparence.\" \/>\n<meta name=\"robots\" content=\"index, follow, max-snippet:-1, max-image-preview:large, max-video-preview:-1\" \/>\n<link rel=\"canonical\" href=\"https:\/\/reiki53.fr\/mineraux\/produit\/bracelet-fluorine-6mm\/\" \/>\n<meta property=\"og:locale\" content=\"fr_FR\" \/>\n<meta property=\"og:type\" content=\"article\" \/>\n<meta property=\"og:title\" content=\"Bracelet Fluorine - 6mm - AGAPANTHE MIN\u00c9RAUX\" \/>\n<meta property=\"og:description\" content=\"a fluorine (ou fluorite) a comme symbolique la structuration de l&#039;esprit avec un spectre de couleurs allant du vert au violet avec de la transparence.\" \/>\n<meta property=\"og:url\" content=\"https:\/\/reiki53.fr\/mineraux\/produit\/bracelet-fluorine-6mm\/\" \/>\n<meta property=\"og:site_name\" content=\"AGAPANTHE MIN\u00c9RAUX\" \/>\n<meta property=\"article:modified_time\" content=\"2023-03-23T13:24:32+00:00\" \/>\n<meta property=\"og:image\" content=\"https:\/\/reiki53.fr\/mineraux\/wp-content\/uploads\/2020\/04\/bracelets-fluorine-agapanthe-17.jpg\" \/>\n\t<meta property=\"og:image:width\" content=\"800\" \/>\n\t<meta property=\"og:image:height\" content=\"800\" \/>\n\t<meta property=\"og:image:type\" content=\"image\/jpeg\" \/>\n<meta name=\"twitter:card\" content=\"summary_large_image\" \/>\n<script type=\"application\/ld+json\" class=\"yoast-schema-graph\">{\"@context\":\"https:\/\/schema.org\",\"@graph\":[{\"@type\":\"WebPage\",\"@id\":\"https:\/\/reiki53.fr\/mineraux\/produit\/bracelet-fluorine-6mm\/\",\"url\":\"https:\/\/reiki53.fr\/mineraux\/produit\/bracelet-fluorine-6mm\/\",\"name\":\"Bracelet Fluorine - 6mm - AGAPANTHE MIN\u00c9RAUX\",\"isPartOf\":{\"@id\":\"https:\/\/reiki53.fr\/mineraux\/#website\"},\"primaryImageOfPage\":{\"@id\":\"https:\/\/reiki53.fr\/mineraux\/produit\/bracelet-fluorine-6mm\/#primaryimage\"},\"image\":{\"@id\":\"https:\/\/reiki53.fr\/mineraux\/produit\/bracelet-fluorine-6mm\/#primaryimage\"},\"thumbnailUrl\":\"https:\/\/reiki53.fr\/mineraux\/wp-content\/uploads\/2020\/04\/bracelets-fluorine-agapanthe-17.jpg\",\"datePublished\":\"2020-04-20T20:50:07+00:00\",\"dateModified\":\"2023-03-23T13:24:32+00:00\",\"description\":\"a fluorine (ou fluorite) a comme symbolique la structuration de l'esprit avec un spectre de couleurs allant du vert au violet avec de la transparence.\",\"breadcrumb\":{\"@id\":\"https:\/\/reiki53.fr\/mineraux\/produit\/bracelet-fluorine-6mm\/#breadcrumb\"},\"inLanguage\":\"fr-FR\",\"potentialAction\":[{\"@type\":\"ReadAction\",\"target\":[\"https:\/\/reiki53.fr\/mineraux\/produit\/bracelet-fluorine-6mm\/\"]}]},{\"@type\":\"ImageObject\",\"inLanguage\":\"fr-FR\",\"@id\":\"https:\/\/reiki53.fr\/mineraux\/produit\/bracelet-fluorine-6mm\/#primaryimage\",\"url\":\"https:\/\/reiki53.fr\/mineraux\/wp-content\/uploads\/2020\/04\/bracelets-fluorine-agapanthe-17.jpg\",\"contentUrl\":\"https:\/\/reiki53.fr\/mineraux\/wp-content\/uploads\/2020\/04\/bracelets-fluorine-agapanthe-17.jpg\",\"width\":800,\"height\":800,\"caption\":\"bracelets fluorine -agapanthe\"},{\"@type\":\"BreadcrumbList\",\"@id\":\"https:\/\/reiki53.fr\/mineraux\/produit\/bracelet-fluorine-6mm\/#breadcrumb\",\"itemListElement\":[{\"@type\":\"ListItem\",\"position\":1,\"name\":\"Accueil\",\"item\":\"https:\/\/reiki53.fr\/mineraux\/\"},{\"@type\":\"ListItem\",\"position\":2,\"name\":\"Boutique\",\"item\":\"https:\/\/reiki53.fr\/mineraux\/boutique\/\"},{\"@type\":\"ListItem\",\"position\":3,\"name\":\"Bracelet Fluorine &#8211; 6mm\"}]},{\"@type\":\"WebSite\",\"@id\":\"https:\/\/reiki53.fr\/mineraux\/#website\",\"url\":\"https:\/\/reiki53.fr\/mineraux\/\",\"name\":\"AGAPANTHE MIN\u00c9RAUX\",\"description\":\"Magasin physique \u00e0 Laval (53)\",\"publisher\":{\"@id\":\"https:\/\/reiki53.fr\/mineraux\/#organization\"},\"potentialAction\":[{\"@type\":\"SearchAction\",\"target\":{\"@type\":\"EntryPoint\",\"urlTemplate\":\"https:\/\/reiki53.fr\/mineraux\/?s={search_term_string}\"},\"query-input\":{\"@type\":\"PropertyValueSpecification\",\"valueRequired\":true,\"valueName\":\"search_term_string\"}}],\"inLanguage\":\"fr-FR\"},{\"@type\":\"Organization\",\"@id\":\"https:\/\/reiki53.fr\/mineraux\/#organization\",\"name\":\"OLVB SAS\",\"url\":\"https:\/\/reiki53.fr\/mineraux\/\",\"logo\":{\"@type\":\"ImageObject\",\"inLanguage\":\"fr-FR\",\"@id\":\"https:\/\/reiki53.fr\/mineraux\/#\/schema\/logo\/image\/\",\"url\":\"https:\/\/reiki53.fr\/mineraux\/wp-content\/uploads\/2020\/04\/AGAPANTHE-MINERAUX-Logo-petit.png\",\"contentUrl\":\"https:\/\/reiki53.fr\/mineraux\/wp-content\/uploads\/2020\/04\/AGAPANTHE-MINERAUX-Logo-petit.png\",\"width\":160,\"height\":160,\"caption\":\"OLVB SAS\"},\"image\":{\"@id\":\"https:\/\/reiki53.fr\/mineraux\/#\/schema\/logo\/image\/\"}}]}<\/script>\n<!-- \/ Yoast SEO plugin. -->","yoast_head_json":{"title":"Bracelet Fluorine - 6mm - AGAPANTHE MIN\u00c9RAUX","description":"a fluorine (ou fluorite) a comme symbolique la structuration de l'esprit avec un spectre de couleurs allant du vert au violet avec de la transparence.","robots":{"index":"index","follow":"follow","max-snippet":"max-snippet:-1","max-image-preview":"max-image-preview:large","max-video-preview":"max-video-preview:-1"},"canonical":"https:\/\/reiki53.fr\/mineraux\/produit\/bracelet-fluorine-6mm\/","og_locale":"fr_FR","og_type":"article","og_title":"Bracelet Fluorine - 6mm - AGAPANTHE MIN\u00c9RAUX","og_description":"a fluorine (ou fluorite) a comme symbolique la structuration de l'esprit avec un spectre de couleurs allant du vert au violet avec de la transparence.","og_url":"https:\/\/reiki53.fr\/mineraux\/produit\/bracelet-fluorine-6mm\/","og_site_name":"AGAPANTHE MIN\u00c9RAUX","article_modified_time":"2023-03-23T13:24:32+00:00","og_image":[{"width":800,"height":800,"url":"https:\/\/reiki53.fr\/mineraux\/wp-content\/uploads\/2020\/04\/bracelets-fluorine-agapanthe-17.jpg","type":"image\/jpeg"}],"twitter_card":"summary_large_image","schema":{"@context":"https:\/\/schema.org","@graph":[{"@type":"WebPage","@id":"https:\/\/reiki53.fr\/mineraux\/produit\/bracelet-fluorine-6mm\/","url":"https:\/\/reiki53.fr\/mineraux\/produit\/bracelet-fluorine-6mm\/","name":"Bracelet Fluorine - 6mm - AGAPANTHE MIN\u00c9RAUX","isPartOf":{"@id":"https:\/\/reiki53.fr\/mineraux\/#website"},"primaryImageOfPage":{"@id":"https:\/\/reiki53.fr\/mineraux\/produit\/bracelet-fluorine-6mm\/#primaryimage"},"image":{"@id":"https:\/\/reiki53.fr\/mineraux\/produit\/bracelet-fluorine-6mm\/#primaryimage"},"thumbnailUrl":"https:\/\/reiki53.fr\/mineraux\/wp-content\/uploads\/2020\/04\/bracelets-fluorine-agapanthe-17.jpg","datePublished":"2020-04-20T20:50:07+00:00","dateModified":"2023-03-23T13:24:32+00:00","description":"a fluorine (ou fluorite) a comme symbolique la structuration de l'esprit avec un spectre de couleurs allant du vert au violet avec de la transparence.","breadcrumb":{"@id":"https:\/\/reiki53.fr\/mineraux\/produit\/bracelet-fluorine-6mm\/#breadcrumb"},"inLanguage":"fr-FR","potentialAction":[{"@type":"ReadAction","target":["https:\/\/reiki53.fr\/mineraux\/produit\/bracelet-fluorine-6mm\/"]}]},{"@type":"ImageObject","inLanguage":"fr-FR","@id":"https:\/\/reiki53.fr\/mineraux\/produit\/bracelet-fluorine-6mm\/#primaryimage","url":"https:\/\/reiki53.fr\/mineraux\/wp-content\/uploads\/2020\/04\/bracelets-fluorine-agapanthe-17.jpg","contentUrl":"https:\/\/reiki53.fr\/mineraux\/wp-content\/uploads\/2020\/04\/bracelets-fluorine-agapanthe-17.jpg","width":800,"height":800,"caption":"bracelets fluorine -agapanthe"},{"@type":"BreadcrumbList","@id":"https:\/\/reiki53.fr\/mineraux\/produit\/bracelet-fluorine-6mm\/#breadcrumb","itemListElement":[{"@type":"ListItem","position":1,"name":"Accueil","item":"https:\/\/reiki53.fr\/mineraux\/"},{"@type":"ListItem","position":2,"name":"Boutique","item":"https:\/\/reiki53.fr\/mineraux\/boutique\/"},{"@type":"ListItem","position":3,"name":"Bracelet Fluorine &#8211; 6mm"}]},{"@type":"WebSite","@id":"https:\/\/reiki53.fr\/mineraux\/#website","url":"https:\/\/reiki53.fr\/mineraux\/","name":"AGAPANTHE MIN\u00c9RAUX","description":"Magasin physique \u00e0 Laval (53)","publisher":{"@id":"https:\/\/reiki53.fr\/mineraux\/#organization"},"potentialAction":[{"@type":"SearchAction","target":{"@type":"EntryPoint","urlTemplate":"https:\/\/reiki53.fr\/mineraux\/?s={search_term_string}"},"query-input":{"@type":"PropertyValueSpecification","valueRequired":true,"valueName":"search_term_string"}}],"inLanguage":"fr-FR"},{"@type":"Organization","@id":"https:\/\/reiki53.fr\/mineraux\/#organization","name":"OLVB SAS","url":"https:\/\/reiki53.fr\/mineraux\/","logo":{"@type":"ImageObject","inLanguage":"fr-FR","@id":"https:\/\/reiki53.fr\/mineraux\/#\/schema\/logo\/image\/","url":"https:\/\/reiki53.fr\/mineraux\/wp-content\/uploads\/2020\/04\/AGAPANTHE-MINERAUX-Logo-petit.png","contentUrl":"https:\/\/reiki53.fr\/mineraux\/wp-content\/uploads\/2020\/04\/AGAPANTHE-MINERAUX-Logo-petit.png","width":160,"height":160,"caption":"OLVB SAS"},"image":{"@id":"https:\/\/reiki53.fr\/mineraux\/#\/schema\/logo\/image\/"}}]}},"jetpack_sharing_enabled":true,"_links":{"self":[{"href":"https:\/\/reiki53.fr\/mineraux\/wp-json\/wp\/v2\/product\/553","targetHints":{"allow":["GET"]}}],"collection":[{"href":"https:\/\/reiki53.fr\/mineraux\/wp-json\/wp\/v2\/product"}],"about":[{"href":"https:\/\/reiki53.fr\/mineraux\/wp-json\/wp\/v2\/types\/product"}],"replies":[{"embeddable":true,"href":"https:\/\/reiki53.fr\/mineraux\/wp-json\/wp\/v2\/comments?post=553"}],"wp:featuredmedia":[{"embeddable":true,"href":"https:\/\/reiki53.fr\/mineraux\/wp-json\/wp\/v2\/media\/529"}],"wp:attachment":[{"href":"https:\/\/reiki53.fr\/mineraux\/wp-json\/wp\/v2\/media?parent=553"}],"wp:term":[{"taxonomy":"product_brand","embeddable":true,"href":"https:\/\/reiki53.fr\/mineraux\/wp-json\/wp\/v2\/product_brand?post=553"},{"taxonomy":"product_cat","embeddable":true,"href":"https:\/\/reiki53.fr\/mineraux\/wp-json\/wp\/v2\/product_cat?post=553"},{"taxonomy":"product_tag","embeddable":true,"href":"https:\/\/reiki53.fr\/mineraux\/wp-json\/wp\/v2\/product_tag?post=553"}],"curies":[{"name":"wp","href":"https:\/\/api.w.org\/{rel}","templated":true}]}}