{"id":555,"date":"2020-04-20T22:56:20","date_gmt":"2020-04-20T20:56:20","guid":{"rendered":"https:\/\/reiki53.fr\/mineraux\/?post_type=product&#038;p=555"},"modified":"2025-01-02T15:57:36","modified_gmt":"2025-01-02T14:57:36","slug":"bracelet-amethyste-8mm","status":"publish","type":"product","link":"https:\/\/reiki53.fr\/mineraux\/produit\/bracelet-amethyste-8mm\/","title":{"rendered":"Bracelet Am\u00e9thyste &#8211; 8mm"},"content":{"rendered":"<p>L&rsquo;am\u00e9thyste est une pierre incontournable de la panoplie du lithoth\u00e9rapeute.<\/p>\n<p>C&rsquo;est un quartz de couleur violette dont la palette de couleur est tr\u00e8s variable <span id=\"texte_description_fiche_produit\">selon le mangan\u00e8se et le fer pr\u00e9sents suivant le gisement dans lequel il est extrait. <\/span><\/p>\n<p><span id=\"texte_description_fiche_produit\">Sa provenance principale est le Br\u00e9sil.<\/span><\/p>\n<p><span id=\"texte_description_fiche_produit\"> L\u2019am\u00e9thyste est associ\u00e9e au chakra couronne, elle symbolise donc s\u00e9r\u00e9nit\u00e9, \u00e9quilibre ainsi que renouveau, ma\u00eetrise de soi par l&rsquo;\u00e9l\u00e9vation spirituelle.<br \/>\n<\/span><\/p>\n<p><strong>\u2665 APPLICATION :<\/strong><\/p>\n<p>Une am\u00e9thyste et un cristal de roche plac\u00e9s sous l&rsquo;oreiller ou sous le drap housse permettent un meilleur sommeil.<\/p>\n<p>&nbsp;<\/p>\n","protected":false},"excerpt":{"rendered":"<p><strong>Bracelet boules Am\u00e9thyste \u00d8 8mm<\/strong><\/p>\n<p>Les vertus sommaires de l&rsquo;am\u00e9thyste :<\/p>\n<ul>\n<li>D\u00e9pendances \/ d\u00e9pression<\/li>\n<li>Allergies\u00a0 \/\u00a0 coliques<\/li>\n<li>Calme les nervosit\u00e9s<\/li>\n<li>Insomnies<\/li>\n<li>Vie de couple<\/li>\n<li>Sagesse<\/li>\n<li>M\u00e9ditation<\/li>\n<li>Intuition<\/li>\n<\/ul>\n<p>&nbsp;<\/p>\n<p>Signe astrologique de pr\u00e9dilection : Vierge, Poisson, Sagittaire, Verseau, Capricorne<\/p>\n<p><span id=\"texte_description_fiche_produit\">L\u2019am\u00e9thyste n\u2019a pas besoin de purification.<\/span><\/p>\n<p><span id=\"texte_description_fiche_produit\">Rechargement pendant la nouvelle lune.<\/span><\/p>\n<p>&nbsp;<\/p>\n<p>&nbsp;<\/p>\n<p>&nbsp;<\/p>\n","protected":false},"featured_media":485,"comment_status":"open","ping_status":"closed","template":"","meta":[],"product_brand":[],"product_cat":[212,211],"product_tag":[531,43,44,61,62,63,527,530,222,41,42,528,40,525,524,46,523,45,529],"class_list":{"0":"post-555","1":"product","2":"type-product","3":"status-publish","4":"has-post-thumbnail","6":"product_cat-bijoux","7":"product_cat-bracelets-boules","8":"product_tag-achat-de-mineraux","9":"product_tag-agapanthe-53","10":"product_tag-agapanthe-mineraux","11":"product_tag-amethyste","12":"product_tag-amethyste-agapanthe","13":"product_tag-amethyste-mineraux","14":"product_tag-boutique-de-mineraux","15":"product_tag-boutique-de-pierres-semi-precieuses","16":"product_tag-bracelet-amethyste","17":"product_tag-lithotherapie","18":"product_tag-lithotherapie-53","19":"product_tag-magasin-de-mineraux","20":"product_tag-mineraux","21":"product_tag-mineraux-53","22":"product_tag-mineraux-en-mayenne","23":"product_tag-mineraux-laval","24":"product_tag-pierre-semi-precieuse","25":"product_tag-pierres-naturelles","26":"product_tag-pierres-precieuses","28":"first","29":"instock","30":"taxable","31":"shipping-taxable","32":"purchasable","33":"product-type-simple"},"yoast_head":"<!-- This site is optimized with the Yoast SEO plugin v26.5 - https:\/\/yoast.com\/wordpress\/plugins\/seo\/ -->\n<title>Bracelet Am\u00e9thyste - 8mm - AGAPANTHE MIN\u00c9RAUX<\/title>\n<meta name=\"description\" content=\"L\u2019am\u00e9thyste est associ\u00e9e au chakra couronne, elle symbolise donc s\u00e9r\u00e9nit\u00e9, \u00e9quilibre ainsi que renouveau, ma\u00eetrise de soi par l&#039;\u00e9l\u00e9vation spirituelle.\" \/>\n<meta name=\"robots\" content=\"index, follow, max-snippet:-1, max-image-preview:large, max-video-preview:-1\" \/>\n<link rel=\"canonical\" href=\"https:\/\/reiki53.fr\/mineraux\/produit\/bracelet-amethyste-8mm\/\" \/>\n<meta property=\"og:locale\" content=\"fr_FR\" \/>\n<meta property=\"og:type\" content=\"article\" \/>\n<meta property=\"og:title\" content=\"Bracelet Am\u00e9thyste - 8mm - AGAPANTHE MIN\u00c9RAUX\" \/>\n<meta property=\"og:description\" content=\"L\u2019am\u00e9thyste est associ\u00e9e au chakra couronne, elle symbolise donc s\u00e9r\u00e9nit\u00e9, \u00e9quilibre ainsi que renouveau, ma\u00eetrise de soi par l&#039;\u00e9l\u00e9vation spirituelle.\" \/>\n<meta property=\"og:url\" content=\"https:\/\/reiki53.fr\/mineraux\/produit\/bracelet-amethyste-8mm\/\" \/>\n<meta property=\"og:site_name\" content=\"AGAPANTHE MIN\u00c9RAUX\" \/>\n<meta property=\"article:modified_time\" content=\"2025-01-02T14:57:36+00:00\" \/>\n<meta property=\"og:image\" content=\"https:\/\/reiki53.fr\/mineraux\/wp-content\/uploads\/2020\/04\/bracelet-amethyste-agapanthe-8mm.jpg\" \/>\n\t<meta property=\"og:image:width\" content=\"800\" \/>\n\t<meta property=\"og:image:height\" content=\"800\" \/>\n\t<meta property=\"og:image:type\" content=\"image\/jpeg\" \/>\n<meta name=\"twitter:card\" content=\"summary_large_image\" \/>\n<meta name=\"twitter:label1\" content=\"Dur\u00e9e de lecture estim\u00e9e\" \/>\n\t<meta name=\"twitter:data1\" content=\"1 minute\" \/>\n<script type=\"application\/ld+json\" class=\"yoast-schema-graph\">{\"@context\":\"https:\/\/schema.org\",\"@graph\":[{\"@type\":\"WebPage\",\"@id\":\"https:\/\/reiki53.fr\/mineraux\/produit\/bracelet-amethyste-8mm\/\",\"url\":\"https:\/\/reiki53.fr\/mineraux\/produit\/bracelet-amethyste-8mm\/\",\"name\":\"Bracelet Am\u00e9thyste - 8mm - AGAPANTHE MIN\u00c9RAUX\",\"isPartOf\":{\"@id\":\"https:\/\/reiki53.fr\/mineraux\/#website\"},\"primaryImageOfPage\":{\"@id\":\"https:\/\/reiki53.fr\/mineraux\/produit\/bracelet-amethyste-8mm\/#primaryimage\"},\"image\":{\"@id\":\"https:\/\/reiki53.fr\/mineraux\/produit\/bracelet-amethyste-8mm\/#primaryimage\"},\"thumbnailUrl\":\"https:\/\/reiki53.fr\/mineraux\/wp-content\/uploads\/2020\/04\/bracelet-amethyste-agapanthe-8mm.jpg\",\"datePublished\":\"2020-04-20T20:56:20+00:00\",\"dateModified\":\"2025-01-02T14:57:36+00:00\",\"description\":\"L\u2019am\u00e9thyste est associ\u00e9e au chakra couronne, elle symbolise donc s\u00e9r\u00e9nit\u00e9, \u00e9quilibre ainsi que renouveau, ma\u00eetrise de soi par l'\u00e9l\u00e9vation spirituelle.\",\"breadcrumb\":{\"@id\":\"https:\/\/reiki53.fr\/mineraux\/produit\/bracelet-amethyste-8mm\/#breadcrumb\"},\"inLanguage\":\"fr-FR\",\"potentialAction\":[{\"@type\":\"ReadAction\",\"target\":[\"https:\/\/reiki53.fr\/mineraux\/produit\/bracelet-amethyste-8mm\/\"]}]},{\"@type\":\"ImageObject\",\"inLanguage\":\"fr-FR\",\"@id\":\"https:\/\/reiki53.fr\/mineraux\/produit\/bracelet-amethyste-8mm\/#primaryimage\",\"url\":\"https:\/\/reiki53.fr\/mineraux\/wp-content\/uploads\/2020\/04\/bracelet-amethyste-agapanthe-8mm.jpg\",\"contentUrl\":\"https:\/\/reiki53.fr\/mineraux\/wp-content\/uploads\/2020\/04\/bracelet-amethyste-agapanthe-8mm.jpg\",\"width\":800,\"height\":800,\"caption\":\"bracelet amethyste -agapanthe 8mm\"},{\"@type\":\"BreadcrumbList\",\"@id\":\"https:\/\/reiki53.fr\/mineraux\/produit\/bracelet-amethyste-8mm\/#breadcrumb\",\"itemListElement\":[{\"@type\":\"ListItem\",\"position\":1,\"name\":\"Accueil\",\"item\":\"https:\/\/reiki53.fr\/mineraux\/\"},{\"@type\":\"ListItem\",\"position\":2,\"name\":\"Boutique\",\"item\":\"https:\/\/reiki53.fr\/mineraux\/boutique\/\"},{\"@type\":\"ListItem\",\"position\":3,\"name\":\"Bracelet Am\u00e9thyste &#8211; 8mm\"}]},{\"@type\":\"WebSite\",\"@id\":\"https:\/\/reiki53.fr\/mineraux\/#website\",\"url\":\"https:\/\/reiki53.fr\/mineraux\/\",\"name\":\"AGAPANTHE MIN\u00c9RAUX\",\"description\":\"Magasin physique \u00e0 Laval (53)\",\"publisher\":{\"@id\":\"https:\/\/reiki53.fr\/mineraux\/#organization\"},\"potentialAction\":[{\"@type\":\"SearchAction\",\"target\":{\"@type\":\"EntryPoint\",\"urlTemplate\":\"https:\/\/reiki53.fr\/mineraux\/?s={search_term_string}\"},\"query-input\":{\"@type\":\"PropertyValueSpecification\",\"valueRequired\":true,\"valueName\":\"search_term_string\"}}],\"inLanguage\":\"fr-FR\"},{\"@type\":\"Organization\",\"@id\":\"https:\/\/reiki53.fr\/mineraux\/#organization\",\"name\":\"OLVB SAS\",\"url\":\"https:\/\/reiki53.fr\/mineraux\/\",\"logo\":{\"@type\":\"ImageObject\",\"inLanguage\":\"fr-FR\",\"@id\":\"https:\/\/reiki53.fr\/mineraux\/#\/schema\/logo\/image\/\",\"url\":\"https:\/\/reiki53.fr\/mineraux\/wp-content\/uploads\/2020\/04\/AGAPANTHE-MINERAUX-Logo-petit.png\",\"contentUrl\":\"https:\/\/reiki53.fr\/mineraux\/wp-content\/uploads\/2020\/04\/AGAPANTHE-MINERAUX-Logo-petit.png\",\"width\":160,\"height\":160,\"caption\":\"OLVB SAS\"},\"image\":{\"@id\":\"https:\/\/reiki53.fr\/mineraux\/#\/schema\/logo\/image\/\"}}]}<\/script>\n<!-- \/ Yoast SEO plugin. -->","yoast_head_json":{"title":"Bracelet Am\u00e9thyste - 8mm - AGAPANTHE MIN\u00c9RAUX","description":"L\u2019am\u00e9thyste est associ\u00e9e au chakra couronne, elle symbolise donc s\u00e9r\u00e9nit\u00e9, \u00e9quilibre ainsi que renouveau, ma\u00eetrise de soi par l'\u00e9l\u00e9vation spirituelle.","robots":{"index":"index","follow":"follow","max-snippet":"max-snippet:-1","max-image-preview":"max-image-preview:large","max-video-preview":"max-video-preview:-1"},"canonical":"https:\/\/reiki53.fr\/mineraux\/produit\/bracelet-amethyste-8mm\/","og_locale":"fr_FR","og_type":"article","og_title":"Bracelet Am\u00e9thyste - 8mm - AGAPANTHE MIN\u00c9RAUX","og_description":"L\u2019am\u00e9thyste est associ\u00e9e au chakra couronne, elle symbolise donc s\u00e9r\u00e9nit\u00e9, \u00e9quilibre ainsi que renouveau, ma\u00eetrise de soi par l'\u00e9l\u00e9vation spirituelle.","og_url":"https:\/\/reiki53.fr\/mineraux\/produit\/bracelet-amethyste-8mm\/","og_site_name":"AGAPANTHE MIN\u00c9RAUX","article_modified_time":"2025-01-02T14:57:36+00:00","og_image":[{"width":800,"height":800,"url":"https:\/\/reiki53.fr\/mineraux\/wp-content\/uploads\/2020\/04\/bracelet-amethyste-agapanthe-8mm.jpg","type":"image\/jpeg"}],"twitter_card":"summary_large_image","twitter_misc":{"Dur\u00e9e de lecture estim\u00e9e":"1 minute"},"schema":{"@context":"https:\/\/schema.org","@graph":[{"@type":"WebPage","@id":"https:\/\/reiki53.fr\/mineraux\/produit\/bracelet-amethyste-8mm\/","url":"https:\/\/reiki53.fr\/mineraux\/produit\/bracelet-amethyste-8mm\/","name":"Bracelet Am\u00e9thyste - 8mm - AGAPANTHE MIN\u00c9RAUX","isPartOf":{"@id":"https:\/\/reiki53.fr\/mineraux\/#website"},"primaryImageOfPage":{"@id":"https:\/\/reiki53.fr\/mineraux\/produit\/bracelet-amethyste-8mm\/#primaryimage"},"image":{"@id":"https:\/\/reiki53.fr\/mineraux\/produit\/bracelet-amethyste-8mm\/#primaryimage"},"thumbnailUrl":"https:\/\/reiki53.fr\/mineraux\/wp-content\/uploads\/2020\/04\/bracelet-amethyste-agapanthe-8mm.jpg","datePublished":"2020-04-20T20:56:20+00:00","dateModified":"2025-01-02T14:57:36+00:00","description":"L\u2019am\u00e9thyste est associ\u00e9e au chakra couronne, elle symbolise donc s\u00e9r\u00e9nit\u00e9, \u00e9quilibre ainsi que renouveau, ma\u00eetrise de soi par l'\u00e9l\u00e9vation spirituelle.","breadcrumb":{"@id":"https:\/\/reiki53.fr\/mineraux\/produit\/bracelet-amethyste-8mm\/#breadcrumb"},"inLanguage":"fr-FR","potentialAction":[{"@type":"ReadAction","target":["https:\/\/reiki53.fr\/mineraux\/produit\/bracelet-amethyste-8mm\/"]}]},{"@type":"ImageObject","inLanguage":"fr-FR","@id":"https:\/\/reiki53.fr\/mineraux\/produit\/bracelet-amethyste-8mm\/#primaryimage","url":"https:\/\/reiki53.fr\/mineraux\/wp-content\/uploads\/2020\/04\/bracelet-amethyste-agapanthe-8mm.jpg","contentUrl":"https:\/\/reiki53.fr\/mineraux\/wp-content\/uploads\/2020\/04\/bracelet-amethyste-agapanthe-8mm.jpg","width":800,"height":800,"caption":"bracelet amethyste -agapanthe 8mm"},{"@type":"BreadcrumbList","@id":"https:\/\/reiki53.fr\/mineraux\/produit\/bracelet-amethyste-8mm\/#breadcrumb","itemListElement":[{"@type":"ListItem","position":1,"name":"Accueil","item":"https:\/\/reiki53.fr\/mineraux\/"},{"@type":"ListItem","position":2,"name":"Boutique","item":"https:\/\/reiki53.fr\/mineraux\/boutique\/"},{"@type":"ListItem","position":3,"name":"Bracelet Am\u00e9thyste &#8211; 8mm"}]},{"@type":"WebSite","@id":"https:\/\/reiki53.fr\/mineraux\/#website","url":"https:\/\/reiki53.fr\/mineraux\/","name":"AGAPANTHE MIN\u00c9RAUX","description":"Magasin physique \u00e0 Laval (53)","publisher":{"@id":"https:\/\/reiki53.fr\/mineraux\/#organization"},"potentialAction":[{"@type":"SearchAction","target":{"@type":"EntryPoint","urlTemplate":"https:\/\/reiki53.fr\/mineraux\/?s={search_term_string}"},"query-input":{"@type":"PropertyValueSpecification","valueRequired":true,"valueName":"search_term_string"}}],"inLanguage":"fr-FR"},{"@type":"Organization","@id":"https:\/\/reiki53.fr\/mineraux\/#organization","name":"OLVB SAS","url":"https:\/\/reiki53.fr\/mineraux\/","logo":{"@type":"ImageObject","inLanguage":"fr-FR","@id":"https:\/\/reiki53.fr\/mineraux\/#\/schema\/logo\/image\/","url":"https:\/\/reiki53.fr\/mineraux\/wp-content\/uploads\/2020\/04\/AGAPANTHE-MINERAUX-Logo-petit.png","contentUrl":"https:\/\/reiki53.fr\/mineraux\/wp-content\/uploads\/2020\/04\/AGAPANTHE-MINERAUX-Logo-petit.png","width":160,"height":160,"caption":"OLVB SAS"},"image":{"@id":"https:\/\/reiki53.fr\/mineraux\/#\/schema\/logo\/image\/"}}]}},"jetpack_sharing_enabled":true,"_links":{"self":[{"href":"https:\/\/reiki53.fr\/mineraux\/wp-json\/wp\/v2\/product\/555","targetHints":{"allow":["GET"]}}],"collection":[{"href":"https:\/\/reiki53.fr\/mineraux\/wp-json\/wp\/v2\/product"}],"about":[{"href":"https:\/\/reiki53.fr\/mineraux\/wp-json\/wp\/v2\/types\/product"}],"replies":[{"embeddable":true,"href":"https:\/\/reiki53.fr\/mineraux\/wp-json\/wp\/v2\/comments?post=555"}],"wp:featuredmedia":[{"embeddable":true,"href":"https:\/\/reiki53.fr\/mineraux\/wp-json\/wp\/v2\/media\/485"}],"wp:attachment":[{"href":"https:\/\/reiki53.fr\/mineraux\/wp-json\/wp\/v2\/media?parent=555"}],"wp:term":[{"taxonomy":"product_brand","embeddable":true,"href":"https:\/\/reiki53.fr\/mineraux\/wp-json\/wp\/v2\/product_brand?post=555"},{"taxonomy":"product_cat","embeddable":true,"href":"https:\/\/reiki53.fr\/mineraux\/wp-json\/wp\/v2\/product_cat?post=555"},{"taxonomy":"product_tag","embeddable":true,"href":"https:\/\/reiki53.fr\/mineraux\/wp-json\/wp\/v2\/product_tag?post=555"}],"curies":[{"name":"wp","href":"https:\/\/api.w.org\/{rel}","templated":true}]}}